{"id":6573,"date":"2023-03-29T13:14:40","date_gmt":"2023-03-29T13:14:40","guid":{"rendered":"https:\/\/elresidente.info\/educando\/cuenta-del-usuario\/"},"modified":"2023-03-29T13:14:40","modified_gmt":"2023-03-29T13:14:40","slug":"cuenta-del-usuario","status":"publish","type":"page","link":"https:\/\/elresidente.info\/educando\/cuenta-del-usuario\/","title":{"rendered":"Cuenta del usuario"},"content":{"rendered":"","protected":false},"excerpt":{"rendered":"","protected":false},"author":1,"featured_media":0,"parent":0,"menu_order":0,"comment_status":"closed","ping_status":"closed","template":"","meta":{"_monsterinsights_skip_tracking":false,"_monsterinsights_sitenote_active":false,"_monsterinsights_sitenote_note":"","_monsterinsights_sitenote_category":0,"footnotes":""},"class_list":["post-6573","page","type-page","status-publish","hentry"],"aioseo_notices":[],"jetpack-related-posts":[{"id":6574,"url":"https:\/\/elresidente.info\/educando\/cuenta-publica-del-usuario\/","url_meta":{"origin":6573,"position":0},"title":"Cuenta p\u00fablica del usuario","author":"El Residente","date":"29 de marzo de 2023","format":false,"excerpt":"","rel":"","context":"Entrada similar","block_context":{"text":"Entrada similar","link":""},"img":{"alt_text":"","src":"","width":0,"height":0},"classes":[]},{"id":2,"url":"https:\/\/elresidente.info\/educando\/pagina-ejemplo\/","url_meta":{"origin":6573,"position":1},"title":"P\u00e1gina de ejemplo","author":"El Residente","date":"29 de enero de 2023","format":false,"excerpt":"Esta es una p\u00e1gina de ejemplo. Es diferente a una entrada del blog porque permanecer\u00e1 en un solo lugar y aparecer\u00e1 en la navegaci\u00f3n de tu sitio (en la mayor\u00eda de los temas). La mayor\u00eda de las personas comienzan con una p\u00e1gina \u00abAcerca de\u00bb que les presenta a los visitantes\u2026","rel":"","context":"Entrada similar","block_context":{"text":"Entrada similar","link":""},"img":{"alt_text":"","src":"","width":0,"height":0},"classes":[]},{"id":49559,"url":"https:\/\/elresidente.info\/educando\/cuenta\/","url_meta":{"origin":6573,"position":2},"title":"Cuenta","author":"El Residente","date":"22 de abril de 2025","format":false,"excerpt":"","rel":"","context":"Entrada similar","block_context":{"text":"Entrada similar","link":""},"img":{"alt_text":"","src":"","width":0,"height":0},"classes":[]},{"id":7022,"url":"https:\/\/elresidente.info\/educando\/cuenta-de-membresia\/","url_meta":{"origin":6573,"position":3},"title":"Cuenta de membres\u00eda","author":"El Residente","date":"28 de mayo de 2023","format":false,"excerpt":"[pmpro_account]","rel":"","context":"Entrada similar","block_context":{"text":"Entrada similar","link":""},"img":{"alt_text":"","src":"","width":0,"height":0},"classes":[]},{"id":7030,"url":"https:\/\/elresidente.info\/educando\/cuenta-de-membresia\/tu-perfil\/","url_meta":{"origin":6573,"position":4},"title":"Tu perfil","author":"El Residente","date":"28 de mayo de 2023","format":false,"excerpt":"[pmpro_member_profile_edit]","rel":"","context":"Entrada similar","block_context":{"text":"Entrada similar","link":""},"img":{"alt_text":"","src":"","width":0,"height":0},"classes":[]},{"id":7023,"url":"https:\/\/elresidente.info\/educando\/cuenta-de-membresia\/facturacion-de-membresia\/","url_meta":{"origin":6573,"position":5},"title":"Facturaci\u00f3n de membres\u00eda","author":"El Residente","date":"28 de mayo de 2023","format":false,"excerpt":"[pmpro_billing]","rel":"","context":"Entrada similar","block_context":{"text":"Entrada similar","link":""},"img":{"alt_text":"","src":"","width":0,"height":0},"classes":[]}],"jetpack_sharing_enabled":true,"_links":{"self":[{"href":"https:\/\/elresidente.info\/educando\/wp-json\/wp\/v2\/pages\/6573","targetHints":{"allow":["GET"]}}],"collection":[{"href":"https:\/\/elresidente.info\/educando\/wp-json\/wp\/v2\/pages"}],"about":[{"href":"https:\/\/elresidente.info\/educando\/wp-json\/wp\/v2\/types\/page"}],"author":[{"embeddable":true,"href":"https:\/\/elresidente.info\/educando\/wp-json\/wp\/v2\/users\/1"}],"replies":[{"embeddable":true,"href":"https:\/\/elresidente.info\/educando\/wp-json\/wp\/v2\/comments?post=6573"}],"version-history":[{"count":0,"href":"https:\/\/elresidente.info\/educando\/wp-json\/wp\/v2\/pages\/6573\/revisions"}],"wp:attachment":[{"href":"https:\/\/elresidente.info\/educando\/wp-json\/wp\/v2\/media?parent=6573"}],"curies":[{"name":"wp","href":"https:\/\/api.w.org\/{rel}","templated":true}]}}