{"id":1273,"date":"2026-02-23T19:52:15","date_gmt":"2026-02-23T19:52:15","guid":{"rendered":"https:\/\/elresidente.info\/clinicas\/?page_id=1273"},"modified":"2026-02-23T23:14:45","modified_gmt":"2026-02-23T23:14:45","slug":"espirometria","status":"publish","type":"page","link":"https:\/\/elresidente.info\/clinicas\/espirometria\/","title":{"rendered":"Espirometr\u00eda"},"content":{"rendered":"\t\t<div data-elementor-type=\"wp-page\" data-elementor-id=\"1273\" class=\"elementor elementor-1273\">\n\t\t\t\t<div class=\"elementor-element elementor-element-b49e602 e-flex e-con-boxed e-con e-parent\" data-id=\"b49e602\" data-element_type=\"container\" data-e-type=\"container\">\n\t\t\t\t\t<div class=\"e-con-inner\">\n\t\t<div class=\"elementor-element elementor-element-957c73e e-con-full e-flex e-con e-child\" data-id=\"957c73e\" data-element_type=\"container\" data-e-type=\"container\">\n\t\t\t\t<div class=\"elementor-element elementor-element-9e7d252 elementor-widget elementor-widget-shortcode\" data-id=\"9e7d252\" data-element_type=\"widget\" data-e-type=\"widget\" data-widget_type=\"shortcode.default\">\n\t\t\t\t<div class=\"elementor-widget-container\">\n\t\t\t\t\t\t\t<div class=\"elementor-shortcode\"><div class=\"pt-cv-wrapper\"><h6 class='pt-cv-heading-container heading6' data-blockid='9b5547de4i'><span class='pt-cv-heading'> Servicios  <\/span><\/h6><div class=\"pt-cv-view pt-cv-blockgrid iscvblock iscvhybrid list1 layout1\" id=\"pt-cv-view-9b5547de4i\"><div data-id=\"pt-cv-page-1\" class=\"pt-cv-page\" data-cvc=\"1\"><div class=\" pt-cv-content-item pt-cv-2-col\" ><div class=\"pt-cv-thumb-wrapper pull-left \"><a href=\"https:\/\/elresidente.info\/clinicas\/ecg-holter\/\" class=\"_self pt-cv-href-thumbnail pt-cv-thumb-left\" target=\"_self\" ><img decoding=\"async\" width=\"150\" height=\"150\" src=\"https:\/\/elresidente.info\/clinicas\/wp-content\/uploads\/2024\/07\/images-150x150.webp\" class=\"pt-cv-thumbnail pull-left\" alt=\"\" \/><\/a><\/div>\n<div class=\"pt-cv-colwrap\"><h6 class=\"pt-cv-title\"><a href=\"https:\/\/elresidente.info\/clinicas\/ecg-holter\/\" class=\"_self\" target=\"_self\" >ECG Holter<\/a><\/h6><\/div><\/div>\n<div class=\" pt-cv-content-item pt-cv-2-col\" ><div class=\"pt-cv-thumb-wrapper pull-left \"><a href=\"https:\/\/elresidente.info\/clinicas\/espirometria\/\" class=\"_self pt-cv-href-thumbnail pt-cv-thumb-left\" target=\"_self\" ><img decoding=\"async\" width=\"150\" height=\"150\" src=\"https:\/\/elresidente.info\/clinicas\/wp-content\/uploads\/2026\/02\/images-1-150x150.jpg\" class=\"pt-cv-thumbnail pull-left\" alt=\"\" \/><\/a><\/div>\n<div class=\"pt-cv-colwrap\"><h6 class=\"pt-cv-title\"><a href=\"https:\/\/elresidente.info\/clinicas\/espirometria\/\" class=\"_self\" target=\"_self\" >Espirometr\u00eda<\/a><\/h6><\/div><\/div>\n<div class=\" pt-cv-content-item pt-cv-2-col\" ><div class=\"pt-cv-thumb-wrapper pull-left \"><a href=\"https:\/\/elresidente.info\/clinicas\/evaluacion-pre-operatoria\/\" class=\"_self pt-cv-href-thumbnail pt-cv-thumb-left\" target=\"_self\" ><img decoding=\"async\" width=\"150\" height=\"150\" src=\"https:\/\/elresidente.info\/clinicas\/wp-content\/uploads\/2024\/07\/953688f0bac54417060922785e655e12-150x150.webp\" class=\"pt-cv-thumbnail pull-left\" alt=\"\" \/><\/a><\/div>\n<div class=\"pt-cv-colwrap\"><h6 class=\"pt-cv-title\"><a href=\"https:\/\/elresidente.info\/clinicas\/evaluacion-pre-operatoria\/\" class=\"_self\" target=\"_self\" >Evaluaci\u00f3n pre operatoria<\/a><\/h6><\/div><\/div>\n<div class=\" pt-cv-content-item pt-cv-2-col\" ><div class=\"pt-cv-thumb-wrapper pull-left \"><a href=\"https:\/\/elresidente.info\/clinicas\/mapa-monitoreo-ambulatorio-de-presion-arterial\/\" class=\"_self pt-cv-href-thumbnail pt-cv-thumb-left\" target=\"_self\" ><img loading=\"lazy\" decoding=\"async\" width=\"150\" height=\"150\" src=\"https:\/\/elresidente.info\/clinicas\/wp-content\/uploads\/2024\/07\/mapa-150x150.webp\" class=\"pt-cv-thumbnail pull-left\" alt=\"\" \/><\/a><\/div>\n<div class=\"pt-cv-colwrap\"><h6 class=\"pt-cv-title\"><a href=\"https:\/\/elresidente.info\/clinicas\/mapa-monitoreo-ambulatorio-de-presion-arterial\/\" class=\"_self\" target=\"_self\" >MAPA (Monitoreo ambulatorio de Presi\u00f3n Arterial)<\/a><\/h6><\/div><\/div>\n<div class=\" pt-cv-content-item pt-cv-2-col\" ><div class=\"pt-cv-thumb-wrapper pull-left \"><a href=\"https:\/\/elresidente.info\/clinicas\/medicina-interna\/\" class=\"_self pt-cv-href-thumbnail pt-cv-thumb-left\" target=\"_self\" ><img loading=\"lazy\" decoding=\"async\" width=\"150\" height=\"150\" src=\"https:\/\/elresidente.info\/clinicas\/wp-content\/uploads\/2024\/07\/1608734832_09efcbba158b5dbaf374-150x150.webp\" class=\"pt-cv-thumbnail pull-left\" alt=\"\" \/><\/a><\/div>\n<div class=\"pt-cv-colwrap\"><h6 class=\"pt-cv-title\"><a href=\"https:\/\/elresidente.info\/clinicas\/medicina-interna\/\" class=\"_self\" target=\"_self\" >Medicina Interna<\/a><\/h6><\/div><\/div>\n<div class=\" pt-cv-content-item pt-cv-2-col\" ><div class=\"pt-cv-thumb-wrapper pull-left \"><a href=\"https:\/\/elresidente.info\/clinicas\/pediatria\/\" class=\"_self pt-cv-href-thumbnail pt-cv-thumb-left\" target=\"_self\" ><img loading=\"lazy\" decoding=\"async\" width=\"150\" height=\"150\" src=\"https:\/\/elresidente.info\/clinicas\/wp-content\/uploads\/2024\/07\/especialidades-13-clinica-pediatrica-150x150.jpg\" class=\"pt-cv-thumbnail pull-left\" alt=\"\" \/><\/a><\/div>\n<div class=\"pt-cv-colwrap\"><h6 class=\"pt-cv-title\"><a href=\"https:\/\/elresidente.info\/clinicas\/pediatria\/\" class=\"_self\" target=\"_self\" >Pediatr\u00eda<\/a><\/h6><\/div><\/div><\/div><\/div><\/div>\t\t\t<style type=\"text\/css\" id=\"pt-cv-inline-style-d75955d7nb\">\n#pt-cv-view-9b5547de4i .pt-cv-thumb-wrapper:not(.miniwrap) { width: 150px; }#pt-cv-view-9b5547de4i .pt-cv-thumbnail:not(.pt-cv-thumbnailsm) { height: 100px; }#pt-cv-view-9b5547de4i > .pt-cv-page {grid-template-columns: repeat(1, 1fr);grid-gap: 20px;}\n@media all and (max-width: 1024px) { \n#pt-cv-view-9b5547de4i > .pt-cv-page {grid-template-columns: repeat(1, 1fr);}\n} \n@media all and (max-width: 767px) { \n#pt-cv-view-9b5547de4i > .pt-cv-page {grid-template-columns: repeat(1, 1fr);}\n} <\/style>\r\n\t\t\t<\/div>\n\t\t\t\t\t\t<\/div>\n\t\t\t\t<\/div>\n\t\t\t\t<\/div>\n\t\t<div class=\"elementor-element elementor-element-dd899e0 e-con-full e-flex e-con e-child\" data-id=\"dd899e0\" data-element_type=\"container\" data-e-type=\"container\">\n\t\t\t\t<div class=\"elementor-element elementor-element-6e45b86 elementor-widget elementor-widget-text-editor\" data-id=\"6e45b86\" data-element_type=\"widget\" data-e-type=\"widget\" data-widget_type=\"text-editor.default\">\n\t\t\t\t<div class=\"elementor-widget-container\">\n\t\t\t\t\t\t\t\t\t<h2 style=\"text-align: center;\" data-start=\"200\" data-end=\"263\">Espirometr\u00eda: Respire con Confianza<\/h2><h3 data-start=\"200\" data-end=\"263\">\u00bfSiente falta de aire, tos frecuente o silbidos al respirar?<\/h3><p data-start=\"265\" data-end=\"349\">No ignore los s\u00edntomas. Una evaluaci\u00f3n pulmonar a tiempo puede marcar la diferencia.<\/p><p data-start=\"351\" data-end=\"500\">En nuestra cl\u00ednica realizamos <strong data-start=\"381\" data-end=\"409\">espirometr\u00eda profesional<\/strong>, un estudio r\u00e1pido, seguro y fundamental para conocer c\u00f3mo est\u00e1n funcionando sus pulmones.<\/p><hr data-start=\"502\" data-end=\"505\" \/><h3 data-start=\"507\" data-end=\"547\">\u00bfPor qu\u00e9 realizarse una espirometr\u00eda?<\/h3><p data-start=\"549\" data-end=\"772\">\u2714 Detecta asma y EPOC en etapas tempranas<br data-start=\"590\" data-end=\"593\" \/>\u2714 Eval\u00faa da\u00f1o pulmonar en fumadores<br data-start=\"628\" data-end=\"631\" \/>\u2714 Controla enfermedades respiratorias cr\u00f3nicas<br data-start=\"677\" data-end=\"680\" \/>\u2714 Determina si su tratamiento est\u00e1 funcionando<br data-start=\"726\" data-end=\"729\" \/>\u2714 Ayuda a prevenir complicaciones futuras<\/p><p data-start=\"774\" data-end=\"860\">Una simple prueba puede brindarle tranquilidad y claridad sobre su salud respiratoria.<\/p><hr data-start=\"862\" data-end=\"865\" \/><h3 data-start=\"867\" data-end=\"896\">\u00bfC\u00f3mo es el procedimiento?<\/h3><ul data-start=\"898\" data-end=\"1055\"><li data-start=\"898\" data-end=\"916\"><p data-start=\"900\" data-end=\"916\">No es doloroso<\/p><\/li><li data-start=\"917\" data-end=\"935\"><p data-start=\"919\" data-end=\"935\">No es invasivo<\/p><\/li><li data-start=\"936\" data-end=\"974\"><p data-start=\"938\" data-end=\"974\">Dura aproximadamente 20\u201330 minutos<\/p><\/li><li data-start=\"975\" data-end=\"1015\"><p data-start=\"977\" data-end=\"1015\">Es realizado por personal capacitado<\/p><\/li><li data-start=\"1016\" data-end=\"1055\"><p data-start=\"1018\" data-end=\"1055\">Resultados interpretados por m\u00e9dico<\/p><\/li><\/ul><p data-start=\"1057\" data-end=\"1181\">Si es necesario, realizamos la prueba con broncodilatador para evaluar reversibilidad bronquial (muy \u00fatil en casos de asma).<\/p><hr data-start=\"1183\" data-end=\"1186\" \/><h3 data-start=\"1188\" data-end=\"1202\">Ideal para:<\/h3><ul data-start=\"1204\" data-end=\"1415\"><li data-start=\"1204\" data-end=\"1237\"><p data-start=\"1206\" data-end=\"1237\">Pacientes con tos persistente<\/p><\/li><li data-start=\"1238\" data-end=\"1281\"><p data-start=\"1240\" data-end=\"1281\">Personas con antecedentes de tabaquismo<\/p><\/li><li data-start=\"1282\" data-end=\"1319\"><p data-start=\"1284\" data-end=\"1319\">Pacientes con diagn\u00f3stico de asma<\/p><\/li><li data-start=\"1320\" data-end=\"1361\"><p data-start=\"1322\" data-end=\"1361\">Personas con dificultad para respirar<\/p><\/li><li data-start=\"1362\" data-end=\"1390\"><p data-start=\"1364\" data-end=\"1390\">Evaluaci\u00f3n preoperatoria<\/p><\/li><li data-start=\"1391\" data-end=\"1415\"><p data-start=\"1393\" data-end=\"1415\">Chequeos preventivos<\/p><\/li><\/ul><hr data-start=\"1417\" data-end=\"1420\" \/><h3 data-start=\"1422\" data-end=\"1468\">Beneficios de realizarla en nuestra cl\u00ednica<\/h3><p data-start=\"1470\" data-end=\"1633\">\ud83d\udd39 Atenci\u00f3n personalizada<br data-start=\"1495\" data-end=\"1498\" \/>\ud83d\udd39 Equipo calibrado y certificado<br data-start=\"1531\" data-end=\"1534\" \/>\ud83d\udd39 Explicaci\u00f3n clara de resultados<br data-start=\"1568\" data-end=\"1571\" \/>\ud83d\udd39 Orientaci\u00f3n m\u00e9dica inmediata<br data-start=\"1602\" data-end=\"1605\" \/>\ud83d\udd39 Seguimiento profesional<\/p><p data-start=\"1635\" data-end=\"1697\">Su salud respiratoria merece evaluaci\u00f3n profesional y precisa.<\/p><hr data-start=\"1699\" data-end=\"1702\" \/><h3 data-start=\"1704\" data-end=\"1725\">Agende su cita hoy<\/h3><p data-start=\"1727\" data-end=\"1775\">Respirar bien no es un lujo, es calidad de vida.<\/p><p data-start=\"1777\" data-end=\"1855\">\ud83d\udcde Cont\u00e1ctenos: 4135 2738<br data-start=\"1791\" data-end=\"1794\" \/>\ud83d\udccd Atenci\u00f3n con cita programada<br data-start=\"1825\" data-end=\"1828\" \/>\u23f1 Estudio r\u00e1pido y seguro<\/p>\t\t\t\t\t\t\t\t<\/div>\n\t\t\t\t<\/div>\n\t\t\t\t<\/div>\n\t\t\t\t\t<\/div>\n\t\t\t\t<\/div>\n\t\t\t\t<\/div>\n\t\t","protected":false},"excerpt":{"rendered":"<p>Espirometr\u00eda: Respire con Confianza \u00bfSiente falta de aire, tos frecuente o silbidos al respirar? No ignore los s\u00edntomas. Una evaluaci\u00f3n pulmonar a tiempo puede marcar la diferencia. En nuestra cl\u00ednica realizamos espirometr\u00eda profesional, un estudio r\u00e1pido, seguro y fundamental para conocer c\u00f3mo est\u00e1n funcionando sus pulmones. \u00bfPor qu\u00e9 realizarse una espirometr\u00eda? \u2714 Detecta asma y [&hellip;]<\/p>\n","protected":false},"author":1,"featured_media":1285,"parent":0,"menu_order":0,"comment_status":"closed","ping_status":"closed","template":"","meta":{"site-sidebar-layout":"no-sidebar","site-content-layout":"page-builder","ast-site-content-layout":"full-width-container","site-content-style":"default","site-sidebar-style":"default","ast-global-header-display":"","ast-banner-title-visibility":"","ast-main-header-display":"","ast-hfb-above-header-display":"","ast-hfb-below-header-display":"","ast-hfb-mobile-header-display":"","site-post-title":"","ast-breadcrumbs-content":"","ast-featured-img":"disabled","footer-sml-layout":"","ast-disable-related-posts":"","theme-transparent-header-meta":"","adv-header-id-meta":"","stick-header-meta":"","header-above-stick-meta":"","header-main-stick-meta":"","header-below-stick-meta":"","astra-migrate-meta-layouts":"set","ast-page-background-enabled":"default","ast-page-background-meta":{"desktop":{"background-color":"","background-image":"","background-repeat":"repeat","background-position":"center center","background-size":"auto","background-attachment":"scroll","background-type":"","background-media":"","overlay-type":"","overlay-color":"","overlay-opacity":"","overlay-gradient":""},"tablet":{"background-color":"","background-image":"","background-repeat":"repeat","background-position":"center center","background-size":"auto","background-attachment":"scroll","background-type":"","background-media":"","overlay-type":"","overlay-color":"","overlay-opacity":"","overlay-gradient":""},"mobile":{"background-color":"","background-image":"","background-repeat":"repeat","background-position":"center center","background-size":"auto","background-attachment":"scroll","background-type":"","background-media":"","overlay-type":"","overlay-color":"","overlay-opacity":"","overlay-gradient":""}},"ast-content-background-meta":{"desktop":{"background-color":"var(--ast-global-color-5)","background-image":"","background-repeat":"repeat","background-position":"center center","background-size":"auto","background-attachment":"scroll","background-type":"","background-media":"","overlay-type":"","overlay-color":"","overlay-opacity":"","overlay-gradient":""},"tablet":{"background-color":"var(--ast-global-color-5)","background-image":"","background-repeat":"repeat","background-position":"center center","background-size":"auto","background-attachment":"scroll","background-type":"","background-media":"","overlay-type":"","overlay-color":"","overlay-opacity":"","overlay-gradient":""},"mobile":{"background-color":"var(--ast-global-color-5)","background-image":"","background-repeat":"repeat","background-position":"center center","background-size":"auto","background-attachment":"scroll","background-type":"","background-media":"","overlay-type":"","overlay-color":"","overlay-opacity":"","overlay-gradient":""}},"footnotes":""},"class_list":["post-1273","page","type-page","status-publish","has-post-thumbnail","hentry"],"jetpack_sharing_enabled":true,"_links":{"self":[{"href":"https:\/\/elresidente.info\/clinicas\/wp-json\/wp\/v2\/pages\/1273","targetHints":{"allow":["GET"]}}],"collection":[{"href":"https:\/\/elresidente.info\/clinicas\/wp-json\/wp\/v2\/pages"}],"about":[{"href":"https:\/\/elresidente.info\/clinicas\/wp-json\/wp\/v2\/types\/page"}],"author":[{"embeddable":true,"href":"https:\/\/elresidente.info\/clinicas\/wp-json\/wp\/v2\/users\/1"}],"replies":[{"embeddable":true,"href":"https:\/\/elresidente.info\/clinicas\/wp-json\/wp\/v2\/comments?post=1273"}],"version-history":[{"count":15,"href":"https:\/\/elresidente.info\/clinicas\/wp-json\/wp\/v2\/pages\/1273\/revisions"}],"predecessor-version":[{"id":1292,"href":"https:\/\/elresidente.info\/clinicas\/wp-json\/wp\/v2\/pages\/1273\/revisions\/1292"}],"wp:featuredmedia":[{"embeddable":true,"href":"https:\/\/elresidente.info\/clinicas\/wp-json\/wp\/v2\/media\/1285"}],"wp:attachment":[{"href":"https:\/\/elresidente.info\/clinicas\/wp-json\/wp\/v2\/media?parent=1273"}],"curies":[{"name":"wp","href":"https:\/\/api.w.org\/{rel}","templated":true}]}}