{"id":1072,"date":"2024-07-05T03:19:58","date_gmt":"2024-07-05T03:19:58","guid":{"rendered":"https:\/\/elresidente.info\/clinicas\/?page_id=1072"},"modified":"2024-07-05T17:53:30","modified_gmt":"2024-07-05T17:53:30","slug":"mapa-monitoreo-ambulatorio-de-presion-arterial","status":"publish","type":"page","link":"https:\/\/elresidente.info\/clinicas\/mapa-monitoreo-ambulatorio-de-presion-arterial\/","title":{"rendered":"MAPA (Monitoreo ambulatorio de Presi\u00f3n Arterial)"},"content":{"rendered":"\t\t<div data-elementor-type=\"wp-page\" data-elementor-id=\"1072\" class=\"elementor elementor-1072\">\n\t\t\t\t<div class=\"elementor-element elementor-element-0ce809c e-flex e-con-boxed e-con e-parent\" data-id=\"0ce809c\" data-element_type=\"container\" data-e-type=\"container\">\n\t\t\t\t\t<div class=\"e-con-inner\">\n\t\t<div class=\"elementor-element elementor-element-1628a7b e-con-full e-flex e-con e-child\" data-id=\"1628a7b\" data-element_type=\"container\" data-e-type=\"container\">\n\t\t\t\t<div class=\"elementor-element elementor-element-f581d8b elementor-widget elementor-widget-shortcode\" data-id=\"f581d8b\" data-element_type=\"widget\" data-e-type=\"widget\" data-widget_type=\"shortcode.default\">\n\t\t\t\t<div class=\"elementor-widget-container\">\n\t\t\t\t\t\t\t<div class=\"elementor-shortcode\"><div class=\"pt-cv-wrapper\"><h6 class='pt-cv-heading-container heading6' data-blockid='9b5547de4i'><span class='pt-cv-heading'> Servicios  <\/span><\/h6><div class=\"pt-cv-view pt-cv-blockgrid iscvblock iscvhybrid list1 layout1\" id=\"pt-cv-view-9b5547de4i\"><div data-id=\"pt-cv-page-1\" class=\"pt-cv-page\" data-cvc=\"1\"><div class=\" pt-cv-content-item pt-cv-2-col\" ><div class=\"pt-cv-thumb-wrapper pull-left \"><a href=\"https:\/\/elresidente.info\/clinicas\/ecg-holter\/\" class=\"_self pt-cv-href-thumbnail pt-cv-thumb-left\" target=\"_self\" ><img decoding=\"async\" width=\"150\" height=\"150\" src=\"https:\/\/elresidente.info\/clinicas\/wp-content\/uploads\/2024\/07\/images-150x150.webp\" class=\"pt-cv-thumbnail pull-left\" alt=\"\" \/><\/a><\/div>\n<div class=\"pt-cv-colwrap\"><h6 class=\"pt-cv-title\"><a href=\"https:\/\/elresidente.info\/clinicas\/ecg-holter\/\" class=\"_self\" target=\"_self\" >ECG Holter<\/a><\/h6><\/div><\/div>\n<div class=\" pt-cv-content-item pt-cv-2-col\" ><div class=\"pt-cv-thumb-wrapper pull-left \"><a href=\"https:\/\/elresidente.info\/clinicas\/espirometria\/\" class=\"_self pt-cv-href-thumbnail pt-cv-thumb-left\" target=\"_self\" ><img decoding=\"async\" width=\"150\" height=\"150\" src=\"https:\/\/elresidente.info\/clinicas\/wp-content\/uploads\/2026\/02\/images-1-150x150.jpg\" class=\"pt-cv-thumbnail pull-left\" alt=\"\" \/><\/a><\/div>\n<div class=\"pt-cv-colwrap\"><h6 class=\"pt-cv-title\"><a href=\"https:\/\/elresidente.info\/clinicas\/espirometria\/\" class=\"_self\" target=\"_self\" >Espirometr\u00eda<\/a><\/h6><\/div><\/div>\n<div class=\" pt-cv-content-item pt-cv-2-col\" ><div class=\"pt-cv-thumb-wrapper pull-left \"><a href=\"https:\/\/elresidente.info\/clinicas\/evaluacion-pre-operatoria\/\" class=\"_self pt-cv-href-thumbnail pt-cv-thumb-left\" target=\"_self\" ><img decoding=\"async\" width=\"150\" height=\"150\" src=\"https:\/\/elresidente.info\/clinicas\/wp-content\/uploads\/2024\/07\/953688f0bac54417060922785e655e12-150x150.webp\" class=\"pt-cv-thumbnail pull-left\" alt=\"\" \/><\/a><\/div>\n<div class=\"pt-cv-colwrap\"><h6 class=\"pt-cv-title\"><a href=\"https:\/\/elresidente.info\/clinicas\/evaluacion-pre-operatoria\/\" class=\"_self\" target=\"_self\" >Evaluaci\u00f3n pre operatoria<\/a><\/h6><\/div><\/div>\n<div class=\" pt-cv-content-item pt-cv-2-col\" ><div class=\"pt-cv-thumb-wrapper pull-left \"><a href=\"https:\/\/elresidente.info\/clinicas\/mapa-monitoreo-ambulatorio-de-presion-arterial\/\" class=\"_self pt-cv-href-thumbnail pt-cv-thumb-left\" target=\"_self\" ><img loading=\"lazy\" decoding=\"async\" width=\"150\" height=\"150\" src=\"https:\/\/elresidente.info\/clinicas\/wp-content\/uploads\/2024\/07\/mapa-150x150.webp\" class=\"pt-cv-thumbnail pull-left\" alt=\"\" \/><\/a><\/div>\n<div class=\"pt-cv-colwrap\"><h6 class=\"pt-cv-title\"><a href=\"https:\/\/elresidente.info\/clinicas\/mapa-monitoreo-ambulatorio-de-presion-arterial\/\" class=\"_self\" target=\"_self\" >MAPA (Monitoreo ambulatorio de Presi\u00f3n Arterial)<\/a><\/h6><\/div><\/div>\n<div class=\" pt-cv-content-item pt-cv-2-col\" ><div class=\"pt-cv-thumb-wrapper pull-left \"><a href=\"https:\/\/elresidente.info\/clinicas\/medicina-interna\/\" class=\"_self pt-cv-href-thumbnail pt-cv-thumb-left\" target=\"_self\" ><img loading=\"lazy\" decoding=\"async\" width=\"150\" height=\"150\" src=\"https:\/\/elresidente.info\/clinicas\/wp-content\/uploads\/2024\/07\/1608734832_09efcbba158b5dbaf374-150x150.webp\" class=\"pt-cv-thumbnail pull-left\" alt=\"\" \/><\/a><\/div>\n<div class=\"pt-cv-colwrap\"><h6 class=\"pt-cv-title\"><a href=\"https:\/\/elresidente.info\/clinicas\/medicina-interna\/\" class=\"_self\" target=\"_self\" >Medicina Interna<\/a><\/h6><\/div><\/div>\n<div class=\" pt-cv-content-item pt-cv-2-col\" ><div class=\"pt-cv-thumb-wrapper pull-left \"><a href=\"https:\/\/elresidente.info\/clinicas\/pediatria\/\" class=\"_self pt-cv-href-thumbnail pt-cv-thumb-left\" target=\"_self\" ><img loading=\"lazy\" decoding=\"async\" width=\"150\" height=\"150\" src=\"https:\/\/elresidente.info\/clinicas\/wp-content\/uploads\/2024\/07\/especialidades-13-clinica-pediatrica-150x150.jpg\" class=\"pt-cv-thumbnail pull-left\" alt=\"\" \/><\/a><\/div>\n<div class=\"pt-cv-colwrap\"><h6 class=\"pt-cv-title\"><a href=\"https:\/\/elresidente.info\/clinicas\/pediatria\/\" class=\"_self\" target=\"_self\" >Pediatr\u00eda<\/a><\/h6><\/div><\/div><\/div><\/div><\/div>\t\t\t<style type=\"text\/css\" id=\"pt-cv-inline-style-a6028abcev\">\n#pt-cv-view-9b5547de4i .pt-cv-thumb-wrapper:not(.miniwrap) { width: 150px; }#pt-cv-view-9b5547de4i .pt-cv-thumbnail:not(.pt-cv-thumbnailsm) { height: 100px; }#pt-cv-view-9b5547de4i > .pt-cv-page {grid-template-columns: repeat(1, 1fr);grid-gap: 20px;}\n@media all and (max-width: 1024px) { \n#pt-cv-view-9b5547de4i > .pt-cv-page {grid-template-columns: repeat(1, 1fr);}\n} \n@media all and (max-width: 767px) { \n#pt-cv-view-9b5547de4i > .pt-cv-page {grid-template-columns: repeat(1, 1fr);}\n} <\/style>\r\n\t\t\t<\/div>\n\t\t\t\t\t\t<\/div>\n\t\t\t\t<\/div>\n\t\t\t\t<div class=\"elementor-element elementor-element-5c46f5e elementor-widget elementor-widget-button\" data-id=\"5c46f5e\" data-element_type=\"widget\" data-e-type=\"widget\" data-widget_type=\"button.default\">\n\t\t\t\t<div class=\"elementor-widget-container\">\n\t\t\t\t\t\t\t\t\t<div class=\"elementor-button-wrapper\">\n\t\t\t\t\t<a class=\"elementor-button elementor-button-link elementor-size-sm\" href=\"#\">\n\t\t\t\t\t\t<span class=\"elementor-button-content-wrapper\">\n\t\t\t\t\t\t\t\t\t<span class=\"elementor-button-text\">\u00bfNecesitas m\u00e1s informaci\u00f3n?<\/span>\n\t\t\t\t\t<\/span>\n\t\t\t\t\t<\/a>\n\t\t\t\t<\/div>\n\t\t\t\t\t\t\t\t<\/div>\n\t\t\t\t<\/div>\n\t\t\t\t<div class=\"elementor-element elementor-element-03ea237 elementor-widget elementor-widget-accordion\" data-id=\"03ea237\" data-element_type=\"widget\" data-e-type=\"widget\" data-widget_type=\"accordion.default\">\n\t\t\t\t<div class=\"elementor-widget-container\">\n\t\t\t\t\t\t\t<div class=\"elementor-accordion\">\n\t\t\t\t\t\t\t<div class=\"elementor-accordion-item\">\n\t\t\t\t\t<div id=\"elementor-tab-title-4101\" class=\"elementor-tab-title\" data-tab=\"1\" role=\"button\" aria-controls=\"elementor-tab-content-4101\" aria-expanded=\"false\">\n\t\t\t\t\t\t\t\t\t\t\t\t\t<span class=\"elementor-accordion-icon elementor-accordion-icon-left\" aria-hidden=\"true\">\n\t\t\t\t\t\t\t\t\t\t\t\t\t\t\t<span class=\"elementor-accordion-icon-closed\"><svg class=\"e-font-icon-svg e-fas-plus\" viewBox=\"0 0 448 512\" xmlns=\"http:\/\/www.w3.org\/2000\/svg\"><path d=\"M416 208H272V64c0-17.67-14.33-32-32-32h-32c-17.67 0-32 14.33-32 32v144H32c-17.67 0-32 14.33-32 32v32c0 17.67 14.33 32 32 32h144v144c0 17.67 14.33 32 32 32h32c17.67 0 32-14.33 32-32V304h144c17.67 0 32-14.33 32-32v-32c0-17.67-14.33-32-32-32z\"><\/path><\/svg><\/span>\n\t\t\t\t\t\t\t\t<span class=\"elementor-accordion-icon-opened\"><svg class=\"e-font-icon-svg e-fas-minus\" viewBox=\"0 0 448 512\" xmlns=\"http:\/\/www.w3.org\/2000\/svg\"><path d=\"M416 208H32c-17.67 0-32 14.33-32 32v32c0 17.67 14.33 32 32 32h384c17.67 0 32-14.33 32-32v-32c0-17.67-14.33-32-32-32z\"><\/path><\/svg><\/span>\n\t\t\t\t\t\t\t\t\t\t\t\t\t\t<\/span>\n\t\t\t\t\t\t\t\t\t\t\t\t<a class=\"elementor-accordion-title\" tabindex=\"0\">whatsapp <\/a>\n\t\t\t\t\t<\/div>\n\t\t\t\t\t<div id=\"elementor-tab-content-4101\" class=\"elementor-tab-content elementor-clearfix\" data-tab=\"1\" role=\"region\" aria-labelledby=\"elementor-tab-title-4101\"><p>4135 2738<\/p><\/div>\n\t\t\t\t<\/div>\n\t\t\t\t\t\t\t<div class=\"elementor-accordion-item\">\n\t\t\t\t\t<div id=\"elementor-tab-title-4102\" class=\"elementor-tab-title\" data-tab=\"2\" role=\"button\" aria-controls=\"elementor-tab-content-4102\" aria-expanded=\"false\">\n\t\t\t\t\t\t\t\t\t\t\t\t\t<span class=\"elementor-accordion-icon elementor-accordion-icon-left\" aria-hidden=\"true\">\n\t\t\t\t\t\t\t\t\t\t\t\t\t\t\t<span class=\"elementor-accordion-icon-closed\"><svg class=\"e-font-icon-svg e-fas-plus\" viewBox=\"0 0 448 512\" xmlns=\"http:\/\/www.w3.org\/2000\/svg\"><path d=\"M416 208H272V64c0-17.67-14.33-32-32-32h-32c-17.67 0-32 14.33-32 32v144H32c-17.67 0-32 14.33-32 32v32c0 17.67 14.33 32 32 32h144v144c0 17.67 14.33 32 32 32h32c17.67 0 32-14.33 32-32V304h144c17.67 0 32-14.33 32-32v-32c0-17.67-14.33-32-32-32z\"><\/path><\/svg><\/span>\n\t\t\t\t\t\t\t\t<span class=\"elementor-accordion-icon-opened\"><svg class=\"e-font-icon-svg e-fas-minus\" viewBox=\"0 0 448 512\" xmlns=\"http:\/\/www.w3.org\/2000\/svg\"><path d=\"M416 208H32c-17.67 0-32 14.33-32 32v32c0 17.67 14.33 32 32 32h384c17.67 0 32-14.33 32-32v-32c0-17.67-14.33-32-32-32z\"><\/path><\/svg><\/span>\n\t\t\t\t\t\t\t\t\t\t\t\t\t\t<\/span>\n\t\t\t\t\t\t\t\t\t\t\t\t<a class=\"elementor-accordion-title\" tabindex=\"0\">E mail <\/a>\n\t\t\t\t\t<\/div>\n\t\t\t\t\t<div id=\"elementor-tab-content-4102\" class=\"elementor-tab-content elementor-clearfix\" data-tab=\"2\" role=\"region\" aria-labelledby=\"elementor-tab-title-4102\"><p>clinicas@elresidente.info<\/p><\/div>\n\t\t\t\t<\/div>\n\t\t\t\t\t\t\t\t<\/div>\n\t\t\t\t\t\t<\/div>\n\t\t\t\t<\/div>\n\t\t\t\t<\/div>\n\t\t<div class=\"elementor-element elementor-element-38e29c4 e-con-full e-flex e-con e-child\" data-id=\"38e29c4\" data-element_type=\"container\" data-e-type=\"container\">\n\t\t\t\t<div class=\"elementor-element elementor-element-10045fa elementor-widget elementor-widget-text-editor\" data-id=\"10045fa\" data-element_type=\"widget\" data-e-type=\"widget\" data-widget_type=\"text-editor.default\">\n\t\t\t\t<div class=\"elementor-widget-container\">\n\t\t\t\t\t\t\t\t\t<h3>\u00bfQu\u00e9 es el Monitoreo Ambulatorio de Presi\u00f3n Arterial (MAPA)?<\/h3><p>El Monitoreo Ambulatorio de Presi\u00f3n Arterial (MAPA) es un m\u00e9todo para medir la presi\u00f3n arterial de una persona durante un per\u00edodo prolongado, generalmente 24 horas, mientras realiza sus actividades cotidianas. Este procedimiento ayuda a obtener una imagen m\u00e1s precisa de los niveles de presi\u00f3n arterial en diferentes momentos del d\u00eda y de la noche.<\/p><p><a href=\"https:\/\/cardiocolombia.com.co\/wp-content\/uploads\/2020\/11\/mapa1.jpg\"><img loading=\"lazy\" decoding=\"async\" class=\"aligncenter size-medium\" src=\"https:\/\/cardiocolombia.com.co\/wp-content\/uploads\/2020\/11\/mapa1.jpg\" width=\"500\" height=\"500\" \/><\/a><\/p><h3>\u00bfPara qu\u00e9 se usa el MAPA?<\/h3><p>1. Diagn\u00f3stico de Hipertensi\u00f3n:<br \/>&#8211; Confirmar el diagn\u00f3stico de hipertensi\u00f3n arterial.<br \/>&#8211; Evaluar la presi\u00f3n arterial en personas con lecturas variables en el consultorio m\u00e9dico (hipertensi\u00f3n de bata blanca).<\/p><p>2. Evaluaci\u00f3n de Tratamientos:<br \/>&#8211; Monitorear la efectividad de los tratamientos antihipertensivos.<br \/>&#8211; Ajustar las dosis de los medicamentos seg\u00fan los patrones de presi\u00f3n arterial registrados.<\/p><p>3. Detecci\u00f3n de Hipotensi\u00f3n:<br \/>&#8211; Identificar episodios de presi\u00f3n arterial baja.<br \/>&#8211; Evaluar los s\u00edntomas de mareos o desmayos relacionados con cambios en la presi\u00f3n arterial.<\/p><p>4. An\u00e1lisis de la Presi\u00f3n Arterial Nocturna:<br \/>&#8211; Detectar la hipertensi\u00f3n nocturna, que puede ser un factor de riesgo adicional para enfermedades cardiovasculares.<br \/>&#8211; Evaluar la disminuci\u00f3n normal de la presi\u00f3n arterial durante el sue\u00f1o (fen\u00f3meno del \u00abdipper\u00bb).<\/p><p><a href=\"https:\/\/res.cloudinary.com\/www-cirugiacardiovascular-com-mx\/images\/w_1024,h_660,c_scale\/f_auto,q_auto\/v1604612074\/MAPA-de-24-Horas-Patron-Non-Dipper-1024x660-1\/MAPA-de-24-Horas-Patron-Non-Dipper-1024x660-1.jpg?_i=AA\"><img loading=\"lazy\" decoding=\"async\" class=\"aligncenter size-medium\" src=\"https:\/\/res.cloudinary.com\/www-cirugiacardiovascular-com-mx\/images\/w_1024,h_660,c_scale\/f_auto,q_auto\/v1604612074\/MAPA-de-24-Horas-Patron-Non-Dipper-1024x660-1\/MAPA-de-24-Horas-Patron-Non-Dipper-1024x660-1.jpg?_i=AA\" width=\"1024\" height=\"660\" \/><\/a><\/p><h3>\u00bfC\u00f3mo se realiza el MAPA?<\/h3><p>1. Colocaci\u00f3n del Dispositivo:<br \/>&#8211; Un brazalete de presi\u00f3n arterial se coloca en el brazo del paciente.<br \/>&#8211; El brazalete est\u00e1 conectado a un dispositivo peque\u00f1o que se lleva en la cintura o en una correa.<\/p><p>2. Per\u00edodo de Monitoreo:<br \/>&#8211; El dispositivo mide autom\u00e1ticamente la presi\u00f3n arterial en intervalos regulares (cada 15-30 minutos durante el d\u00eda y cada 30-60 minutos durante la noche).<br \/>&#8211; El paciente contin\u00faa con sus actividades diarias normales y registra cualquier s\u00edntoma o actividad inusual.<\/p><p>3. Retiro y An\u00e1lisis:<br \/>&#8211; Despu\u00e9s de 24 horas, se retira el dispositivo.<br \/>&#8211; Los datos registrados se descargan y analizan para obtener un perfil detallado de la presi\u00f3n arterial.<\/p><p><a href=\"https:\/\/www.medicinacv.com\/content\/images\/2023\/01\/image-8.png\"><img loading=\"lazy\" decoding=\"async\" class=\"aligncenter size-medium\" src=\"https:\/\/www.medicinacv.com\/content\/images\/2023\/01\/image-8.png\" width=\"600\" height=\"450\" \/><\/a><\/p><h3>Consejos para los Pacientes Durante el Monitoreo<\/h3><p>1. Actividades Diarias:<br \/>&#8211; Mantener un registro de actividades y s\u00edntomas durante el per\u00edodo de monitoreo.<br \/>&#8211; Evitar actividades f\u00edsicas intensas que puedan interferir con las mediciones.<\/p><p>2. Cuidado del Dispositivo:<br \/>&#8211; Mantener el dispositivo seco y evitar ducharse o ba\u00f1arse a menos que se indiquen instrucciones espec\u00edficas.<br \/>&#8211; Seguir las instrucciones proporcionadas por el equipo m\u00e9dico para asegurar la correcta operaci\u00f3n del dispositivo.<\/p><p>3. Comunicaci\u00f3n con el M\u00e9dico:<br \/>&#8211; Informar al m\u00e9dico sobre cualquier s\u00edntoma inusual o preocupaci\u00f3n durante el monitoreo.<br \/>&#8211; Seguir las instrucciones proporcionadas por el equipo m\u00e9dico para asegurar la correcta operaci\u00f3n del dispositivo.<\/p><h3>Beneficios del MAPA<\/h3><p>1. Diagn\u00f3stico Preciso:<br \/>&#8211; Proporciona una imagen detallada y continua de la presi\u00f3n arterial en diferentes situaciones y momentos del d\u00eda.<br \/>&#8211; Ayuda a identificar problemas que pueden no ser detectables en una consulta m\u00e9dica \u00fanica.<\/p><p>2. Conveniencia:<br \/>&#8211; Permite al paciente continuar con su vida cotidiana mientras se monitorea la presi\u00f3n arterial.<br \/>&#8211; No es invasivo y es f\u00e1cil de llevar.<\/p><p>3. Mejora del Tratamiento:<br \/>&#8211; Facilita la evaluaci\u00f3n de la efectividad de tratamientos y ajustes necesarios.<br \/>&#8211; Contribuye a una mejor gesti\u00f3n de la hipertensi\u00f3n y otras condiciones relacionadas.<\/p><h3>Conclusi\u00f3n<\/h3><p>El Monitoreo Ambulatorio de Presi\u00f3n Arterial (MAPA) es una herramienta esencial para el diagn\u00f3stico y manejo de la hipertensi\u00f3n y otros problemas relacionados con la presi\u00f3n arterial. Proporciona datos precisos y completos que permiten a los m\u00e9dicos tomar decisiones informadas sobre el tratamiento. Los pacientes pueden beneficiarse de este procedimiento no invasivo y f\u00e1cil de usar, mejorando el control y la comprensi\u00f3n de su salud cardiovascular.<\/p>\t\t\t\t\t\t\t\t<\/div>\n\t\t\t\t<\/div>\n\t\t\t\t<\/div>\n\t\t\t\t\t<\/div>\n\t\t\t\t<\/div>\n\t\t\t\t<\/div>\n\t\t","protected":false},"excerpt":{"rendered":"<p>\u00bfNecesitas m\u00e1s informaci\u00f3n? whatsapp 4135 2738 E mail clinicas@elresidente.info \u00bfQu\u00e9 es el Monitoreo Ambulatorio de Presi\u00f3n Arterial (MAPA)? El Monitoreo Ambulatorio de Presi\u00f3n Arterial (MAPA) es un m\u00e9todo para medir la presi\u00f3n arterial de una persona durante un per\u00edodo prolongado, generalmente 24 horas, mientras realiza sus actividades cotidianas. Este procedimiento ayuda a obtener una imagen [&hellip;]<\/p>\n","protected":false},"author":1,"featured_media":1010,"parent":0,"menu_order":0,"comment_status":"closed","ping_status":"closed","template":"","meta":{"site-sidebar-layout":"no-sidebar","site-content-layout":"page-builder","ast-site-content-layout":"full-width-container","site-content-style":"unboxed","site-sidebar-style":"unboxed","ast-global-header-display":"","ast-banner-title-visibility":"","ast-main-header-display":"","ast-hfb-above-header-display":"","ast-hfb-below-header-display":"","ast-hfb-mobile-header-display":"","site-post-title":"disabled","ast-breadcrumbs-content":"","ast-featured-img":"disabled","footer-sml-layout":"","ast-disable-related-posts":"","theme-transparent-header-meta":"","adv-header-id-meta":"","stick-header-meta":"","header-above-stick-meta":"","header-main-stick-meta":"","header-below-stick-meta":"","astra-migrate-meta-layouts":"set","ast-page-background-enabled":"default","ast-page-background-meta":{"desktop":{"background-color":"","background-image":"","background-repeat":"repeat","background-position":"center center","background-size":"auto","background-attachment":"scroll","background-type":"","background-media":"","overlay-type":"","overlay-color":"","overlay-opacity":"","overlay-gradient":""},"tablet":{"background-color":"","background-image":"","background-repeat":"repeat","background-position":"center center","background-size":"auto","background-attachment":"scroll","background-type":"","background-media":"","overlay-type":"","overlay-color":"","overlay-opacity":"","overlay-gradient":""},"mobile":{"background-color":"","background-image":"","background-repeat":"repeat","background-position":"center center","background-size":"auto","background-attachment":"scroll","background-type":"","background-media":"","overlay-type":"","overlay-color":"","overlay-opacity":"","overlay-gradient":""}},"ast-content-background-meta":{"desktop":{"background-color":"var(--ast-global-color-5)","background-image":"","background-repeat":"repeat","background-position":"center center","background-size":"auto","background-attachment":"scroll","background-type":"","background-media":"","overlay-type":"","overlay-color":"","overlay-opacity":"","overlay-gradient":""},"tablet":{"background-color":"var(--ast-global-color-5)","background-image":"","background-repeat":"repeat","background-position":"center center","background-size":"auto","background-attachment":"scroll","background-type":"","background-media":"","overlay-type":"","overlay-color":"","overlay-opacity":"","overlay-gradient":""},"mobile":{"background-color":"var(--ast-global-color-5)","background-image":"","background-repeat":"repeat","background-position":"center center","background-size":"auto","background-attachment":"scroll","background-type":"","background-media":"","overlay-type":"","overlay-color":"","overlay-opacity":"","overlay-gradient":""}},"footnotes":""},"class_list":["post-1072","page","type-page","status-publish","has-post-thumbnail","hentry"],"jetpack_sharing_enabled":true,"_links":{"self":[{"href":"https:\/\/elresidente.info\/clinicas\/wp-json\/wp\/v2\/pages\/1072","targetHints":{"allow":["GET"]}}],"collection":[{"href":"https:\/\/elresidente.info\/clinicas\/wp-json\/wp\/v2\/pages"}],"about":[{"href":"https:\/\/elresidente.info\/clinicas\/wp-json\/wp\/v2\/types\/page"}],"author":[{"embeddable":true,"href":"https:\/\/elresidente.info\/clinicas\/wp-json\/wp\/v2\/users\/1"}],"replies":[{"embeddable":true,"href":"https:\/\/elresidente.info\/clinicas\/wp-json\/wp\/v2\/comments?post=1072"}],"version-history":[{"count":10,"href":"https:\/\/elresidente.info\/clinicas\/wp-json\/wp\/v2\/pages\/1072\/revisions"}],"predecessor-version":[{"id":1107,"href":"https:\/\/elresidente.info\/clinicas\/wp-json\/wp\/v2\/pages\/1072\/revisions\/1107"}],"wp:featuredmedia":[{"embeddable":true,"href":"https:\/\/elresidente.info\/clinicas\/wp-json\/wp\/v2\/media\/1010"}],"wp:attachment":[{"href":"https:\/\/elresidente.info\/clinicas\/wp-json\/wp\/v2\/media?parent=1072"}],"curies":[{"name":"wp","href":"https:\/\/api.w.org\/{rel}","templated":true}]}}