{"id":1055,"date":"2024-07-05T02:51:08","date_gmt":"2024-07-05T02:51:08","guid":{"rendered":"https:\/\/elresidente.info\/clinicas\/?page_id=1055"},"modified":"2024-07-05T19:52:38","modified_gmt":"2024-07-05T19:52:38","slug":"pediatria","status":"publish","type":"page","link":"https:\/\/elresidente.info\/clinicas\/pediatria\/","title":{"rendered":"Pediatr\u00eda"},"content":{"rendered":"\t\t<div data-elementor-type=\"wp-page\" data-elementor-id=\"1055\" class=\"elementor elementor-1055\">\n\t\t\t\t<div class=\"elementor-element elementor-element-ee43d3d e-flex e-con-boxed e-con e-parent\" data-id=\"ee43d3d\" data-element_type=\"container\" data-e-type=\"container\">\n\t\t\t\t\t<div class=\"e-con-inner\">\n\t\t<div class=\"elementor-element elementor-element-e46377f e-con-full e-flex e-con e-child\" data-id=\"e46377f\" data-element_type=\"container\" data-e-type=\"container\">\n\t\t\t\t<div class=\"elementor-element elementor-element-2229913 elementor-widget elementor-widget-shortcode\" data-id=\"2229913\" data-element_type=\"widget\" data-e-type=\"widget\" data-widget_type=\"shortcode.default\">\n\t\t\t\t<div class=\"elementor-widget-container\">\n\t\t\t\t\t\t\t<div class=\"elementor-shortcode\"><div class=\"pt-cv-wrapper\"><h6 class='pt-cv-heading-container heading6' data-blockid='9b5547de4i'><span class='pt-cv-heading'> Servicios  <\/span><\/h6><div class=\"pt-cv-view pt-cv-blockgrid iscvblock iscvhybrid list1 layout1\" id=\"pt-cv-view-9b5547de4i\"><div data-id=\"pt-cv-page-1\" class=\"pt-cv-page\" data-cvc=\"1\"><div class=\" pt-cv-content-item pt-cv-2-col\" ><div class=\"pt-cv-thumb-wrapper pull-left \"><a href=\"https:\/\/elresidente.info\/clinicas\/ecg-holter\/\" class=\"_self pt-cv-href-thumbnail pt-cv-thumb-left\" target=\"_self\" ><img decoding=\"async\" width=\"150\" height=\"150\" src=\"https:\/\/elresidente.info\/clinicas\/wp-content\/uploads\/2024\/07\/images-150x150.webp\" class=\"pt-cv-thumbnail pull-left\" alt=\"\" \/><\/a><\/div>\n<div class=\"pt-cv-colwrap\"><h6 class=\"pt-cv-title\"><a href=\"https:\/\/elresidente.info\/clinicas\/ecg-holter\/\" class=\"_self\" target=\"_self\" >ECG Holter<\/a><\/h6><\/div><\/div>\n<div class=\" pt-cv-content-item pt-cv-2-col\" ><div class=\"pt-cv-thumb-wrapper pull-left \"><a href=\"https:\/\/elresidente.info\/clinicas\/espirometria\/\" class=\"_self pt-cv-href-thumbnail pt-cv-thumb-left\" target=\"_self\" ><img decoding=\"async\" width=\"150\" height=\"150\" src=\"https:\/\/elresidente.info\/clinicas\/wp-content\/uploads\/2026\/02\/images-1-150x150.jpg\" class=\"pt-cv-thumbnail pull-left\" alt=\"\" \/><\/a><\/div>\n<div class=\"pt-cv-colwrap\"><h6 class=\"pt-cv-title\"><a href=\"https:\/\/elresidente.info\/clinicas\/espirometria\/\" class=\"_self\" target=\"_self\" >Espirometr\u00eda<\/a><\/h6><\/div><\/div>\n<div class=\" pt-cv-content-item pt-cv-2-col\" ><div class=\"pt-cv-thumb-wrapper pull-left \"><a href=\"https:\/\/elresidente.info\/clinicas\/evaluacion-pre-operatoria\/\" class=\"_self pt-cv-href-thumbnail pt-cv-thumb-left\" target=\"_self\" ><img decoding=\"async\" width=\"150\" height=\"150\" src=\"https:\/\/elresidente.info\/clinicas\/wp-content\/uploads\/2024\/07\/953688f0bac54417060922785e655e12-150x150.webp\" class=\"pt-cv-thumbnail pull-left\" alt=\"\" \/><\/a><\/div>\n<div class=\"pt-cv-colwrap\"><h6 class=\"pt-cv-title\"><a href=\"https:\/\/elresidente.info\/clinicas\/evaluacion-pre-operatoria\/\" class=\"_self\" target=\"_self\" >Evaluaci\u00f3n pre operatoria<\/a><\/h6><\/div><\/div>\n<div class=\" pt-cv-content-item pt-cv-2-col\" ><div class=\"pt-cv-thumb-wrapper pull-left \"><a href=\"https:\/\/elresidente.info\/clinicas\/mapa-monitoreo-ambulatorio-de-presion-arterial\/\" class=\"_self pt-cv-href-thumbnail pt-cv-thumb-left\" target=\"_self\" ><img loading=\"lazy\" decoding=\"async\" width=\"150\" height=\"150\" src=\"https:\/\/elresidente.info\/clinicas\/wp-content\/uploads\/2024\/07\/mapa-150x150.webp\" class=\"pt-cv-thumbnail pull-left\" alt=\"\" \/><\/a><\/div>\n<div class=\"pt-cv-colwrap\"><h6 class=\"pt-cv-title\"><a href=\"https:\/\/elresidente.info\/clinicas\/mapa-monitoreo-ambulatorio-de-presion-arterial\/\" class=\"_self\" target=\"_self\" >MAPA (Monitoreo ambulatorio de Presi\u00f3n Arterial)<\/a><\/h6><\/div><\/div>\n<div class=\" pt-cv-content-item pt-cv-2-col\" ><div class=\"pt-cv-thumb-wrapper pull-left \"><a href=\"https:\/\/elresidente.info\/clinicas\/medicina-interna\/\" class=\"_self pt-cv-href-thumbnail pt-cv-thumb-left\" target=\"_self\" ><img loading=\"lazy\" decoding=\"async\" width=\"150\" height=\"150\" src=\"https:\/\/elresidente.info\/clinicas\/wp-content\/uploads\/2024\/07\/1608734832_09efcbba158b5dbaf374-150x150.webp\" class=\"pt-cv-thumbnail pull-left\" alt=\"\" \/><\/a><\/div>\n<div class=\"pt-cv-colwrap\"><h6 class=\"pt-cv-title\"><a href=\"https:\/\/elresidente.info\/clinicas\/medicina-interna\/\" class=\"_self\" target=\"_self\" >Medicina Interna<\/a><\/h6><\/div><\/div>\n<div class=\" pt-cv-content-item pt-cv-2-col\" ><div class=\"pt-cv-thumb-wrapper pull-left \"><a href=\"https:\/\/elresidente.info\/clinicas\/pediatria\/\" class=\"_self pt-cv-href-thumbnail pt-cv-thumb-left\" target=\"_self\" ><img loading=\"lazy\" decoding=\"async\" width=\"150\" height=\"150\" src=\"https:\/\/elresidente.info\/clinicas\/wp-content\/uploads\/2024\/07\/especialidades-13-clinica-pediatrica-150x150.jpg\" class=\"pt-cv-thumbnail pull-left\" alt=\"\" \/><\/a><\/div>\n<div class=\"pt-cv-colwrap\"><h6 class=\"pt-cv-title\"><a href=\"https:\/\/elresidente.info\/clinicas\/pediatria\/\" class=\"_self\" target=\"_self\" >Pediatr\u00eda<\/a><\/h6><\/div><\/div><\/div><\/div><\/div>\t\t\t<style type=\"text\/css\" id=\"pt-cv-inline-style-99aa54830b\">\n#pt-cv-view-9b5547de4i .pt-cv-thumb-wrapper:not(.miniwrap) { width: 150px; }#pt-cv-view-9b5547de4i .pt-cv-thumbnail:not(.pt-cv-thumbnailsm) { height: 100px; }#pt-cv-view-9b5547de4i > .pt-cv-page {grid-template-columns: repeat(1, 1fr);grid-gap: 20px;}\n@media all and (max-width: 1024px) { \n#pt-cv-view-9b5547de4i > .pt-cv-page {grid-template-columns: repeat(1, 1fr);}\n} \n@media all and (max-width: 767px) { \n#pt-cv-view-9b5547de4i > .pt-cv-page {grid-template-columns: repeat(1, 1fr);}\n} <\/style>\r\n\t\t\t<\/div>\n\t\t\t\t\t\t<\/div>\n\t\t\t\t<\/div>\n\t\t\t\t<div class=\"elementor-element elementor-element-9aa4ce0 elementor-widget elementor-widget-button\" data-id=\"9aa4ce0\" data-element_type=\"widget\" data-e-type=\"widget\" data-widget_type=\"button.default\">\n\t\t\t\t<div class=\"elementor-widget-container\">\n\t\t\t\t\t\t\t\t\t<div class=\"elementor-button-wrapper\">\n\t\t\t\t\t<a class=\"elementor-button elementor-button-link elementor-size-sm\" href=\"#\">\n\t\t\t\t\t\t<span class=\"elementor-button-content-wrapper\">\n\t\t\t\t\t\t\t\t\t<span class=\"elementor-button-text\">\u00bfNecesitas m\u00e1s informaci\u00f3n?<\/span>\n\t\t\t\t\t<\/span>\n\t\t\t\t\t<\/a>\n\t\t\t\t<\/div>\n\t\t\t\t\t\t\t\t<\/div>\n\t\t\t\t<\/div>\n\t\t\t\t<div class=\"elementor-element elementor-element-b416c2f elementor-widget elementor-widget-accordion\" data-id=\"b416c2f\" data-element_type=\"widget\" data-e-type=\"widget\" data-widget_type=\"accordion.default\">\n\t\t\t\t<div class=\"elementor-widget-container\">\n\t\t\t\t\t\t\t<div class=\"elementor-accordion\">\n\t\t\t\t\t\t\t<div class=\"elementor-accordion-item\">\n\t\t\t\t\t<div id=\"elementor-tab-title-1881\" class=\"elementor-tab-title\" data-tab=\"1\" role=\"button\" aria-controls=\"elementor-tab-content-1881\" aria-expanded=\"false\">\n\t\t\t\t\t\t\t\t\t\t\t\t\t<span class=\"elementor-accordion-icon elementor-accordion-icon-left\" aria-hidden=\"true\">\n\t\t\t\t\t\t\t\t\t\t\t\t\t\t\t<span class=\"elementor-accordion-icon-closed\"><svg class=\"e-font-icon-svg e-fas-plus\" viewBox=\"0 0 448 512\" xmlns=\"http:\/\/www.w3.org\/2000\/svg\"><path d=\"M416 208H272V64c0-17.67-14.33-32-32-32h-32c-17.67 0-32 14.33-32 32v144H32c-17.67 0-32 14.33-32 32v32c0 17.67 14.33 32 32 32h144v144c0 17.67 14.33 32 32 32h32c17.67 0 32-14.33 32-32V304h144c17.67 0 32-14.33 32-32v-32c0-17.67-14.33-32-32-32z\"><\/path><\/svg><\/span>\n\t\t\t\t\t\t\t\t<span class=\"elementor-accordion-icon-opened\"><svg class=\"e-font-icon-svg e-fas-minus\" viewBox=\"0 0 448 512\" xmlns=\"http:\/\/www.w3.org\/2000\/svg\"><path d=\"M416 208H32c-17.67 0-32 14.33-32 32v32c0 17.67 14.33 32 32 32h384c17.67 0 32-14.33 32-32v-32c0-17.67-14.33-32-32-32z\"><\/path><\/svg><\/span>\n\t\t\t\t\t\t\t\t\t\t\t\t\t\t<\/span>\n\t\t\t\t\t\t\t\t\t\t\t\t<a class=\"elementor-accordion-title\" tabindex=\"0\">whatsapp <\/a>\n\t\t\t\t\t<\/div>\n\t\t\t\t\t<div id=\"elementor-tab-content-1881\" class=\"elementor-tab-content elementor-clearfix\" data-tab=\"1\" role=\"region\" aria-labelledby=\"elementor-tab-title-1881\"><p>4135 2738<\/p><\/div>\n\t\t\t\t<\/div>\n\t\t\t\t\t\t\t<div class=\"elementor-accordion-item\">\n\t\t\t\t\t<div id=\"elementor-tab-title-1882\" class=\"elementor-tab-title\" data-tab=\"2\" role=\"button\" aria-controls=\"elementor-tab-content-1882\" aria-expanded=\"false\">\n\t\t\t\t\t\t\t\t\t\t\t\t\t<span class=\"elementor-accordion-icon elementor-accordion-icon-left\" aria-hidden=\"true\">\n\t\t\t\t\t\t\t\t\t\t\t\t\t\t\t<span class=\"elementor-accordion-icon-closed\"><svg class=\"e-font-icon-svg e-fas-plus\" viewBox=\"0 0 448 512\" xmlns=\"http:\/\/www.w3.org\/2000\/svg\"><path d=\"M416 208H272V64c0-17.67-14.33-32-32-32h-32c-17.67 0-32 14.33-32 32v144H32c-17.67 0-32 14.33-32 32v32c0 17.67 14.33 32 32 32h144v144c0 17.67 14.33 32 32 32h32c17.67 0 32-14.33 32-32V304h144c17.67 0 32-14.33 32-32v-32c0-17.67-14.33-32-32-32z\"><\/path><\/svg><\/span>\n\t\t\t\t\t\t\t\t<span class=\"elementor-accordion-icon-opened\"><svg class=\"e-font-icon-svg e-fas-minus\" viewBox=\"0 0 448 512\" xmlns=\"http:\/\/www.w3.org\/2000\/svg\"><path d=\"M416 208H32c-17.67 0-32 14.33-32 32v32c0 17.67 14.33 32 32 32h384c17.67 0 32-14.33 32-32v-32c0-17.67-14.33-32-32-32z\"><\/path><\/svg><\/span>\n\t\t\t\t\t\t\t\t\t\t\t\t\t\t<\/span>\n\t\t\t\t\t\t\t\t\t\t\t\t<a class=\"elementor-accordion-title\" tabindex=\"0\">E mail <\/a>\n\t\t\t\t\t<\/div>\n\t\t\t\t\t<div id=\"elementor-tab-content-1882\" class=\"elementor-tab-content elementor-clearfix\" data-tab=\"2\" role=\"region\" aria-labelledby=\"elementor-tab-title-1882\"><p>clinicas@elresidente.info<\/p><\/div>\n\t\t\t\t<\/div>\n\t\t\t\t\t\t\t\t<\/div>\n\t\t\t\t\t\t<\/div>\n\t\t\t\t<\/div>\n\t\t\t\t<\/div>\n\t\t<div class=\"elementor-element elementor-element-0c94860 e-con-full e-flex e-con e-child\" data-id=\"0c94860\" data-element_type=\"container\" data-e-type=\"container\">\n\t\t\t\t<div class=\"elementor-element elementor-element-b6e6d26 elementor-widget elementor-widget-text-editor\" data-id=\"b6e6d26\" data-element_type=\"widget\" data-e-type=\"widget\" data-widget_type=\"text-editor.default\">\n\t\t\t\t<div class=\"elementor-widget-container\">\n\t\t\t\t\t\t\t\t\t<h3><a href=\"https:\/\/elresidente.info\/clinicas\/wp-content\/uploads\/2024\/07\/adgre.jpeg\"><img loading=\"lazy\" decoding=\"async\" class=\"aligncenter wp-image-1125 size-medium\" src=\"https:\/\/elresidente.info\/clinicas\/wp-content\/uploads\/2024\/07\/adgre-300x148.jpeg\" alt=\"\" width=\"300\" height=\"148\" \/><\/a><\/h3><h3>\u00bfQu\u00e9 es un Pediatra?<\/h3><p>Un pediatra es un m\u00e9dico especializado en el cuidado de la salud de los ni\u00f1os desde el nacimiento hasta la adolescencia. Su objetivo principal es asegurar el crecimiento y desarrollo saludable de los ni\u00f1os, prevenir enfermedades y tratar cualquier condici\u00f3n m\u00e9dica que puedan presentar.<\/p><h3>Funciones y Actividades del Pediatra<\/h3><p>1. Seguimiento del Crecimiento y Desarrollo:<br \/>&#8211; Realizaci\u00f3n de chequeos regulares para monitorear el crecimiento f\u00edsico y desarrollo mental.<br \/>&#8211; Evaluaci\u00f3n de hitos del desarrollo para asegurar que los ni\u00f1os est\u00e1n progresando adecuadamente.<\/p><p>2. Diagn\u00f3stico y Tratamiento de Enfermedades:<br \/>&#8211; Diagn\u00f3stico de enfermedades comunes y complejas en la infancia.<br \/>&#8211; Prescripci\u00f3n de tratamientos y medicamentos adecuados para diferentes condiciones.<br \/>&#8211; Manejo de enfermedades cr\u00f3nicas pedi\u00e1tricas como asma, diabetes, y epilepsia.<\/p><p>3. Prevenci\u00f3n de Enfermedades:<br \/>&#8211; Administraci\u00f3n de vacunas seg\u00fan el calendario de vacunaci\u00f3n.<br \/>&#8211; Educaci\u00f3n a los padres sobre la prevenci\u00f3n de enfermedades y la promoci\u00f3n de h\u00e1bitos saludables.<br \/>&#8211; Realizaci\u00f3n de ex\u00e1menes de detecci\u00f3n precoz para identificar problemas de salud.<\/p><p>4. Orientaci\u00f3n a Padres y Familias:<br \/>&#8211; Proveer asesoramiento sobre alimentaci\u00f3n, sue\u00f1o, y comportamientos infantiles.<br \/>&#8211; Ayudar a los padres a manejar problemas comunes como el llanto excesivo, problemas de alimentaci\u00f3n, y trastornos del sue\u00f1o.<br \/>&#8211; Apoyo en la crianza y desarrollo emocional de los ni\u00f1os.<\/p><p>5. Atenci\u00f3n de Urgencias Pedi\u00e1tricas:<br \/>&#8211; Proveer atenci\u00f3n m\u00e9dica de emergencia para lesiones y enfermedades agudas.<br \/>&#8211; Coordinaci\u00f3n de cuidados con otros especialistas en casos de emergencia.<\/p><p>6. Educaci\u00f3n y Promoci\u00f3n de la Salud:<br \/>&#8211; Participaci\u00f3n en programas de educaci\u00f3n y prevenci\u00f3n en escuelas y comunidades.<br \/>&#8211; Formaci\u00f3n continua y actualizaci\u00f3n sobre los \u00faltimos avances en pediatr\u00eda.<br \/>&#8211; Educaci\u00f3n a los padres y ni\u00f1os sobre la importancia de la higiene, nutrici\u00f3n y ejercicio.<\/p><p>7. Coordinaci\u00f3n de Cuidados:<br \/>&#8211; Coordinaci\u00f3n con otros profesionales de la salud, como enfermeros, terapeutas y especialistas.<br \/>&#8211; Referencia a otros especialistas cuando se requiere una atenci\u00f3n m\u00e1s espec\u00edfica.<\/p><p><a href=\"https:\/\/encrypted-tbn0.gstatic.com\/images?q=tbn:ANd9GcRX_1g3q1zeTAHp4mss169o93S91P6pWEKPgQ&amp;s\"><img loading=\"lazy\" decoding=\"async\" class=\"aligncenter size-medium\" src=\"https:\/\/encrypted-tbn0.gstatic.com\/images?q=tbn:ANd9GcRX_1g3q1zeTAHp4mss169o93S91P6pWEKPgQ&amp;s\" width=\"275\" height=\"183\" \/><\/a><\/p><h3>Habilidades y Competencias del Pediatra<\/h3><p>1. Conocimiento Especializado:<br \/>&#8211; Amplio conocimiento en medicina infantil y desarrollo pedi\u00e1trico.<br \/>&#8211; Capacidad para manejar una variedad de condiciones m\u00e9dicas pedi\u00e1tricas.<\/p><p>2. Comunicaci\u00f3n Eficaz:<br \/>&#8211; Habilidad para comunicarse claramente con ni\u00f1os y sus familias.<br \/>&#8211; Explicaci\u00f3n de diagn\u00f3sticos y tratamientos de manera comprensible para los padres.<\/p><p>3. Empat\u00eda y Paciencia:<br \/>&#8211; Capacidad para mostrar empat\u00eda y paciencia con los ni\u00f1os y sus familias.<br \/>&#8211; Habilidad para manejar situaciones emocionales y proporcionar apoyo.<\/p><p>4. Resoluci\u00f3n de Problemas:<br \/>&#8211; Capacidad para diagnosticar y tratar condiciones m\u00e9dicas de manera efectiva.<br \/>&#8211; Toma de decisiones cl\u00ednicas precisas y basadas en evidencia.<\/p><p>5. Colaboraci\u00f3n:<br \/>&#8211; Habilidad para trabajar en equipo con otros profesionales de la salud.<br \/>&#8211; Coordinaci\u00f3n eficaz del cuidado del paciente.<\/p><p><a href=\"https:\/\/encrypted-tbn0.gstatic.com\/images?q=tbn:ANd9GcSRefRLPwnyQx6fr7nz7kMpgByyR0zCX6dTB5giEHZkSOiR0bZbJ4HSdauL8Wr1bJZDsWc&amp;usqp=CAU\"><img loading=\"lazy\" decoding=\"async\" class=\"aligncenter size-medium\" src=\"https:\/\/encrypted-tbn0.gstatic.com\/images?q=tbn:ANd9GcSRefRLPwnyQx6fr7nz7kMpgByyR0zCX6dTB5giEHZkSOiR0bZbJ4HSdauL8Wr1bJZDsWc&amp;usqp=CAU\" width=\"370\" height=\"136\" \/><\/a><\/p><h3>Conclusi\u00f3n<\/h3><p>El pediatra es fundamental para el bienestar y desarrollo saludable de los ni\u00f1os. Su conocimiento especializado y habilidades interpersonales le permiten proporcionar un cuidado integral que abarca desde la prevenci\u00f3n hasta el tratamiento de enfermedades, apoyando a los ni\u00f1os y sus familias en cada etapa del crecimiento.<\/p>\t\t\t\t\t\t\t\t<\/div>\n\t\t\t\t<\/div>\n\t\t\t\t<\/div>\n\t\t\t\t\t<\/div>\n\t\t\t\t<\/div>\n\t\t\t\t<\/div>\n\t\t","protected":false},"excerpt":{"rendered":"<p>\u00bfNecesitas m\u00e1s informaci\u00f3n? whatsapp 4135 2738 E mail clinicas@elresidente.info \u00bfQu\u00e9 es un Pediatra? Un pediatra es un m\u00e9dico especializado en el cuidado de la salud de los ni\u00f1os desde el nacimiento hasta la adolescencia. Su objetivo principal es asegurar el crecimiento y desarrollo saludable de los ni\u00f1os, prevenir enfermedades y tratar cualquier condici\u00f3n m\u00e9dica que [&hellip;]<\/p>\n","protected":false},"author":1,"featured_media":1015,"parent":0,"menu_order":0,"comment_status":"closed","ping_status":"closed","template":"","meta":{"site-sidebar-layout":"no-sidebar","site-content-layout":"page-builder","ast-site-content-layout":"full-width-container","site-content-style":"default","site-sidebar-style":"default","ast-global-header-display":"","ast-banner-title-visibility":"","ast-main-header-display":"","ast-hfb-above-header-display":"","ast-hfb-below-header-display":"","ast-hfb-mobile-header-display":"","site-post-title":"disabled","ast-breadcrumbs-content":"","ast-featured-img":"disabled","footer-sml-layout":"","ast-disable-related-posts":"","theme-transparent-header-meta":"","adv-header-id-meta":"","stick-header-meta":"","header-above-stick-meta":"","header-main-stick-meta":"","header-below-stick-meta":"","astra-migrate-meta-layouts":"set","ast-page-background-enabled":"default","ast-page-background-meta":{"desktop":{"background-color":"","background-image":"","background-repeat":"repeat","background-position":"center center","background-size":"auto","background-attachment":"scroll","background-type":"","background-media":"","overlay-type":"","overlay-color":"","overlay-opacity":"","overlay-gradient":""},"tablet":{"background-color":"","background-image":"","background-repeat":"repeat","background-position":"center center","background-size":"auto","background-attachment":"scroll","background-type":"","background-media":"","overlay-type":"","overlay-color":"","overlay-opacity":"","overlay-gradient":""},"mobile":{"background-color":"","background-image":"","background-repeat":"repeat","background-position":"center center","background-size":"auto","background-attachment":"scroll","background-type":"","background-media":"","overlay-type":"","overlay-color":"","overlay-opacity":"","overlay-gradient":""}},"ast-content-background-meta":{"desktop":{"background-color":"var(--ast-global-color-5)","background-image":"","background-repeat":"repeat","background-position":"center center","background-size":"auto","background-attachment":"scroll","background-type":"","background-media":"","overlay-type":"","overlay-color":"","overlay-opacity":"","overlay-gradient":""},"tablet":{"background-color":"var(--ast-global-color-5)","background-image":"","background-repeat":"repeat","background-position":"center center","background-size":"auto","background-attachment":"scroll","background-type":"","background-media":"","overlay-type":"","overlay-color":"","overlay-opacity":"","overlay-gradient":""},"mobile":{"background-color":"var(--ast-global-color-5)","background-image":"","background-repeat":"repeat","background-position":"center center","background-size":"auto","background-attachment":"scroll","background-type":"","background-media":"","overlay-type":"","overlay-color":"","overlay-opacity":"","overlay-gradient":""}},"footnotes":""},"class_list":["post-1055","page","type-page","status-publish","has-post-thumbnail","hentry"],"jetpack_sharing_enabled":true,"_links":{"self":[{"href":"https:\/\/elresidente.info\/clinicas\/wp-json\/wp\/v2\/pages\/1055","targetHints":{"allow":["GET"]}}],"collection":[{"href":"https:\/\/elresidente.info\/clinicas\/wp-json\/wp\/v2\/pages"}],"about":[{"href":"https:\/\/elresidente.info\/clinicas\/wp-json\/wp\/v2\/types\/page"}],"author":[{"embeddable":true,"href":"https:\/\/elresidente.info\/clinicas\/wp-json\/wp\/v2\/users\/1"}],"replies":[{"embeddable":true,"href":"https:\/\/elresidente.info\/clinicas\/wp-json\/wp\/v2\/comments?post=1055"}],"version-history":[{"count":13,"href":"https:\/\/elresidente.info\/clinicas\/wp-json\/wp\/v2\/pages\/1055\/revisions"}],"predecessor-version":[{"id":1128,"href":"https:\/\/elresidente.info\/clinicas\/wp-json\/wp\/v2\/pages\/1055\/revisions\/1128"}],"wp:featuredmedia":[{"embeddable":true,"href":"https:\/\/elresidente.info\/clinicas\/wp-json\/wp\/v2\/media\/1015"}],"wp:attachment":[{"href":"https:\/\/elresidente.info\/clinicas\/wp-json\/wp\/v2\/media?parent=1055"}],"curies":[{"name":"wp","href":"https:\/\/api.w.org\/{rel}","templated":true}]}}