{"id":1046,"date":"2024-07-05T02:44:56","date_gmt":"2024-07-05T02:44:56","guid":{"rendered":"https:\/\/elresidente.info\/clinicas\/?page_id=1046"},"modified":"2024-07-05T19:48:20","modified_gmt":"2024-07-05T19:48:20","slug":"medicina-interna","status":"publish","type":"page","link":"https:\/\/elresidente.info\/clinicas\/medicina-interna\/","title":{"rendered":"Medicina Interna"},"content":{"rendered":"\t\t<div data-elementor-type=\"wp-page\" data-elementor-id=\"1046\" class=\"elementor elementor-1046\">\n\t\t\t\t<div class=\"elementor-element elementor-element-c18ab9a e-flex e-con-boxed e-con e-parent\" data-id=\"c18ab9a\" data-element_type=\"container\" data-e-type=\"container\">\n\t\t\t\t\t<div class=\"e-con-inner\">\n\t\t<div class=\"elementor-element elementor-element-2709676 e-con-full e-flex e-con e-child\" data-id=\"2709676\" data-element_type=\"container\" data-e-type=\"container\">\n\t\t<div class=\"elementor-element elementor-element-3f5d74d e-con-full e-flex e-con e-child\" data-id=\"3f5d74d\" data-element_type=\"container\" data-e-type=\"container\">\n\t\t\t\t<div class=\"elementor-element elementor-element-9b637d0 elementor-widget elementor-widget-shortcode\" data-id=\"9b637d0\" data-element_type=\"widget\" data-e-type=\"widget\" data-widget_type=\"shortcode.default\">\n\t\t\t\t<div class=\"elementor-widget-container\">\n\t\t\t\t\t\t\t<div class=\"elementor-shortcode\"><div class=\"pt-cv-wrapper\"><h6 class='pt-cv-heading-container heading6' data-blockid='9b5547de4i'><span class='pt-cv-heading'> Servicios  <\/span><\/h6><div class=\"pt-cv-view pt-cv-blockgrid iscvblock iscvhybrid list1 layout1\" id=\"pt-cv-view-9b5547de4i\"><div data-id=\"pt-cv-page-1\" class=\"pt-cv-page\" data-cvc=\"1\"><div class=\" pt-cv-content-item pt-cv-2-col\" ><div class=\"pt-cv-thumb-wrapper pull-left \"><a href=\"https:\/\/elresidente.info\/clinicas\/ecg-holter\/\" class=\"_self pt-cv-href-thumbnail pt-cv-thumb-left\" target=\"_self\" ><img decoding=\"async\" width=\"150\" height=\"150\" src=\"https:\/\/elresidente.info\/clinicas\/wp-content\/uploads\/2024\/07\/images-150x150.webp\" class=\"pt-cv-thumbnail pull-left\" alt=\"\" \/><\/a><\/div>\n<div class=\"pt-cv-colwrap\"><h6 class=\"pt-cv-title\"><a href=\"https:\/\/elresidente.info\/clinicas\/ecg-holter\/\" class=\"_self\" target=\"_self\" >ECG Holter<\/a><\/h6><\/div><\/div>\n<div class=\" pt-cv-content-item pt-cv-2-col\" ><div class=\"pt-cv-thumb-wrapper pull-left \"><a href=\"https:\/\/elresidente.info\/clinicas\/espirometria\/\" class=\"_self pt-cv-href-thumbnail pt-cv-thumb-left\" target=\"_self\" ><img decoding=\"async\" width=\"150\" height=\"150\" src=\"https:\/\/elresidente.info\/clinicas\/wp-content\/uploads\/2026\/02\/images-1-150x150.jpg\" class=\"pt-cv-thumbnail pull-left\" alt=\"\" \/><\/a><\/div>\n<div class=\"pt-cv-colwrap\"><h6 class=\"pt-cv-title\"><a href=\"https:\/\/elresidente.info\/clinicas\/espirometria\/\" class=\"_self\" target=\"_self\" >Espirometr\u00eda<\/a><\/h6><\/div><\/div>\n<div class=\" pt-cv-content-item pt-cv-2-col\" ><div class=\"pt-cv-thumb-wrapper pull-left \"><a href=\"https:\/\/elresidente.info\/clinicas\/evaluacion-pre-operatoria\/\" class=\"_self pt-cv-href-thumbnail pt-cv-thumb-left\" target=\"_self\" ><img decoding=\"async\" width=\"150\" height=\"150\" src=\"https:\/\/elresidente.info\/clinicas\/wp-content\/uploads\/2024\/07\/953688f0bac54417060922785e655e12-150x150.webp\" class=\"pt-cv-thumbnail pull-left\" alt=\"\" \/><\/a><\/div>\n<div class=\"pt-cv-colwrap\"><h6 class=\"pt-cv-title\"><a href=\"https:\/\/elresidente.info\/clinicas\/evaluacion-pre-operatoria\/\" class=\"_self\" target=\"_self\" >Evaluaci\u00f3n pre operatoria<\/a><\/h6><\/div><\/div>\n<div class=\" pt-cv-content-item pt-cv-2-col\" ><div class=\"pt-cv-thumb-wrapper pull-left \"><a href=\"https:\/\/elresidente.info\/clinicas\/mapa-monitoreo-ambulatorio-de-presion-arterial\/\" class=\"_self pt-cv-href-thumbnail pt-cv-thumb-left\" target=\"_self\" ><img loading=\"lazy\" decoding=\"async\" width=\"150\" height=\"150\" src=\"https:\/\/elresidente.info\/clinicas\/wp-content\/uploads\/2024\/07\/mapa-150x150.webp\" class=\"pt-cv-thumbnail pull-left\" alt=\"\" \/><\/a><\/div>\n<div class=\"pt-cv-colwrap\"><h6 class=\"pt-cv-title\"><a href=\"https:\/\/elresidente.info\/clinicas\/mapa-monitoreo-ambulatorio-de-presion-arterial\/\" class=\"_self\" target=\"_self\" >MAPA (Monitoreo ambulatorio de Presi\u00f3n Arterial)<\/a><\/h6><\/div><\/div>\n<div class=\" pt-cv-content-item pt-cv-2-col\" ><div class=\"pt-cv-thumb-wrapper pull-left \"><a href=\"https:\/\/elresidente.info\/clinicas\/medicina-interna\/\" class=\"_self pt-cv-href-thumbnail pt-cv-thumb-left\" target=\"_self\" ><img loading=\"lazy\" decoding=\"async\" width=\"150\" height=\"150\" src=\"https:\/\/elresidente.info\/clinicas\/wp-content\/uploads\/2024\/07\/1608734832_09efcbba158b5dbaf374-150x150.webp\" class=\"pt-cv-thumbnail pull-left\" alt=\"\" \/><\/a><\/div>\n<div class=\"pt-cv-colwrap\"><h6 class=\"pt-cv-title\"><a href=\"https:\/\/elresidente.info\/clinicas\/medicina-interna\/\" class=\"_self\" target=\"_self\" >Medicina Interna<\/a><\/h6><\/div><\/div>\n<div class=\" pt-cv-content-item pt-cv-2-col\" ><div class=\"pt-cv-thumb-wrapper pull-left \"><a href=\"https:\/\/elresidente.info\/clinicas\/pediatria\/\" class=\"_self pt-cv-href-thumbnail pt-cv-thumb-left\" target=\"_self\" ><img loading=\"lazy\" decoding=\"async\" width=\"150\" height=\"150\" src=\"https:\/\/elresidente.info\/clinicas\/wp-content\/uploads\/2024\/07\/especialidades-13-clinica-pediatrica-150x150.jpg\" class=\"pt-cv-thumbnail pull-left\" alt=\"\" \/><\/a><\/div>\n<div class=\"pt-cv-colwrap\"><h6 class=\"pt-cv-title\"><a href=\"https:\/\/elresidente.info\/clinicas\/pediatria\/\" class=\"_self\" target=\"_self\" >Pediatr\u00eda<\/a><\/h6><\/div><\/div><\/div><\/div><\/div>\t\t\t<style type=\"text\/css\" id=\"pt-cv-inline-style-2662ebfik8\">\n#pt-cv-view-9b5547de4i .pt-cv-thumb-wrapper:not(.miniwrap) { width: 150px; }#pt-cv-view-9b5547de4i .pt-cv-thumbnail:not(.pt-cv-thumbnailsm) { height: 100px; }#pt-cv-view-9b5547de4i > .pt-cv-page {grid-template-columns: repeat(1, 1fr);grid-gap: 20px;}\n@media all and (max-width: 1024px) { \n#pt-cv-view-9b5547de4i > .pt-cv-page {grid-template-columns: repeat(1, 1fr);}\n} \n@media all and (max-width: 767px) { \n#pt-cv-view-9b5547de4i > .pt-cv-page {grid-template-columns: repeat(1, 1fr);}\n} <\/style>\r\n\t\t\t<\/div>\n\t\t\t\t\t\t<\/div>\n\t\t\t\t<\/div>\n\t\t\t\t<div class=\"elementor-element elementor-element-db2490f elementor-widget elementor-widget-button\" data-id=\"db2490f\" data-element_type=\"widget\" data-e-type=\"widget\" data-widget_type=\"button.default\">\n\t\t\t\t<div class=\"elementor-widget-container\">\n\t\t\t\t\t\t\t\t\t<div class=\"elementor-button-wrapper\">\n\t\t\t\t\t<a class=\"elementor-button elementor-button-link elementor-size-sm\" href=\"#\">\n\t\t\t\t\t\t<span class=\"elementor-button-content-wrapper\">\n\t\t\t\t\t\t\t\t\t<span class=\"elementor-button-text\">\u00bfNecesitas m\u00e1s informaci\u00f3n?<\/span>\n\t\t\t\t\t<\/span>\n\t\t\t\t\t<\/a>\n\t\t\t\t<\/div>\n\t\t\t\t\t\t\t\t<\/div>\n\t\t\t\t<\/div>\n\t\t\t\t<div class=\"elementor-element elementor-element-d5278d2 elementor-widget elementor-widget-accordion\" data-id=\"d5278d2\" data-element_type=\"widget\" data-e-type=\"widget\" data-widget_type=\"accordion.default\">\n\t\t\t\t<div class=\"elementor-widget-container\">\n\t\t\t\t\t\t\t<div class=\"elementor-accordion\">\n\t\t\t\t\t\t\t<div class=\"elementor-accordion-item\">\n\t\t\t\t\t<div id=\"elementor-tab-title-2231\" class=\"elementor-tab-title\" data-tab=\"1\" role=\"button\" aria-controls=\"elementor-tab-content-2231\" aria-expanded=\"false\">\n\t\t\t\t\t\t\t\t\t\t\t\t\t<span class=\"elementor-accordion-icon elementor-accordion-icon-left\" aria-hidden=\"true\">\n\t\t\t\t\t\t\t\t\t\t\t\t\t\t\t<span class=\"elementor-accordion-icon-closed\"><svg class=\"e-font-icon-svg e-fas-plus\" viewBox=\"0 0 448 512\" xmlns=\"http:\/\/www.w3.org\/2000\/svg\"><path d=\"M416 208H272V64c0-17.67-14.33-32-32-32h-32c-17.67 0-32 14.33-32 32v144H32c-17.67 0-32 14.33-32 32v32c0 17.67 14.33 32 32 32h144v144c0 17.67 14.33 32 32 32h32c17.67 0 32-14.33 32-32V304h144c17.67 0 32-14.33 32-32v-32c0-17.67-14.33-32-32-32z\"><\/path><\/svg><\/span>\n\t\t\t\t\t\t\t\t<span class=\"elementor-accordion-icon-opened\"><svg class=\"e-font-icon-svg e-fas-minus\" viewBox=\"0 0 448 512\" xmlns=\"http:\/\/www.w3.org\/2000\/svg\"><path d=\"M416 208H32c-17.67 0-32 14.33-32 32v32c0 17.67 14.33 32 32 32h384c17.67 0 32-14.33 32-32v-32c0-17.67-14.33-32-32-32z\"><\/path><\/svg><\/span>\n\t\t\t\t\t\t\t\t\t\t\t\t\t\t<\/span>\n\t\t\t\t\t\t\t\t\t\t\t\t<a class=\"elementor-accordion-title\" tabindex=\"0\">whatsapp <\/a>\n\t\t\t\t\t<\/div>\n\t\t\t\t\t<div id=\"elementor-tab-content-2231\" class=\"elementor-tab-content elementor-clearfix\" data-tab=\"1\" role=\"region\" aria-labelledby=\"elementor-tab-title-2231\"><p>4135 2738<\/p><\/div>\n\t\t\t\t<\/div>\n\t\t\t\t\t\t\t<div class=\"elementor-accordion-item\">\n\t\t\t\t\t<div id=\"elementor-tab-title-2232\" class=\"elementor-tab-title\" data-tab=\"2\" role=\"button\" aria-controls=\"elementor-tab-content-2232\" aria-expanded=\"false\">\n\t\t\t\t\t\t\t\t\t\t\t\t\t<span class=\"elementor-accordion-icon elementor-accordion-icon-left\" aria-hidden=\"true\">\n\t\t\t\t\t\t\t\t\t\t\t\t\t\t\t<span class=\"elementor-accordion-icon-closed\"><svg class=\"e-font-icon-svg e-fas-plus\" viewBox=\"0 0 448 512\" xmlns=\"http:\/\/www.w3.org\/2000\/svg\"><path d=\"M416 208H272V64c0-17.67-14.33-32-32-32h-32c-17.67 0-32 14.33-32 32v144H32c-17.67 0-32 14.33-32 32v32c0 17.67 14.33 32 32 32h144v144c0 17.67 14.33 32 32 32h32c17.67 0 32-14.33 32-32V304h144c17.67 0 32-14.33 32-32v-32c0-17.67-14.33-32-32-32z\"><\/path><\/svg><\/span>\n\t\t\t\t\t\t\t\t<span class=\"elementor-accordion-icon-opened\"><svg class=\"e-font-icon-svg e-fas-minus\" viewBox=\"0 0 448 512\" xmlns=\"http:\/\/www.w3.org\/2000\/svg\"><path d=\"M416 208H32c-17.67 0-32 14.33-32 32v32c0 17.67 14.33 32 32 32h384c17.67 0 32-14.33 32-32v-32c0-17.67-14.33-32-32-32z\"><\/path><\/svg><\/span>\n\t\t\t\t\t\t\t\t\t\t\t\t\t\t<\/span>\n\t\t\t\t\t\t\t\t\t\t\t\t<a class=\"elementor-accordion-title\" tabindex=\"0\">E mail <\/a>\n\t\t\t\t\t<\/div>\n\t\t\t\t\t<div id=\"elementor-tab-content-2232\" class=\"elementor-tab-content elementor-clearfix\" data-tab=\"2\" role=\"region\" aria-labelledby=\"elementor-tab-title-2232\"><p>clinicas@elresidente.info<\/p><\/div>\n\t\t\t\t<\/div>\n\t\t\t\t\t\t\t\t<\/div>\n\t\t\t\t\t\t<\/div>\n\t\t\t\t<\/div>\n\t\t\t\t<\/div>\n\t\t<div class=\"elementor-element elementor-element-43ab189 e-con-full e-flex e-con e-child\" data-id=\"43ab189\" data-element_type=\"container\" data-e-type=\"container\">\n\t\t\t\t<div class=\"elementor-element elementor-element-d07f868 elementor-widget elementor-widget-text-editor\" data-id=\"d07f868\" data-element_type=\"widget\" data-e-type=\"widget\" data-widget_type=\"text-editor.default\">\n\t\t\t\t<div class=\"elementor-widget-container\">\n\t\t\t\t\t\t\t\t\t<h3>\u00bfQu\u00e9 es un M\u00e9dico Internista?<\/h3><p>Un m\u00e9dico internista es un profesional de la salud especializado en el diagn\u00f3stico, tratamiento y prevenci\u00f3n de enfermedades en adultos. Se enfoca en la medicina interna, una rama que aborda una amplia gama de condiciones m\u00e9dicas complejas que afectan los \u00f3rganos internos.<\/p><p><a href=\"https:\/\/kenzenmedicalcenter.com\/wp-content\/uploads\/2022\/03\/medicina-interna-kencen-medical-center.jpg\"><img loading=\"lazy\" decoding=\"async\" class=\"aligncenter size-medium\" src=\"https:\/\/kenzenmedicalcenter.com\/wp-content\/uploads\/2022\/03\/medicina-interna-kencen-medical-center.jpg\" width=\"900\" height=\"400\" \/><\/a><\/p><h3>Funciones y Actividades del M\u00e9dico Internista<\/h3><p>1. Diagn\u00f3stico y Tratamiento:<br \/>&#8211; Realizaci\u00f3n de ex\u00e1menes f\u00edsicos completos.<br \/>&#8211; Interpretaci\u00f3n de resultados de pruebas de laboratorio y estudios de imagen.<br \/>&#8211; Diagn\u00f3stico de enfermedades agudas y cr\u00f3nicas.<br \/>&#8211; Desarrollo de planes de tratamiento individualizados.<\/p><p>2. Manejo de Enfermedades Cr\u00f3nicas:<br \/>&#8211; Seguimiento y control de enfermedades cr\u00f3nicas como diabetes, hipertensi\u00f3n, y enfermedades card\u00edacas.<br \/>&#8211; Ajuste de medicaci\u00f3n y supervisi\u00f3n de la adherencia al tratamiento.<br \/>&#8211; Coordinaci\u00f3n con otros especialistas para un manejo integral del paciente.<\/p><p>3. Prevenci\u00f3n y Promoci\u00f3n de la Salud:<br \/>&#8211; Realizaci\u00f3n de chequeos de rutina y ex\u00e1menes preventivos.<br \/>&#8211; Educaci\u00f3n a los pacientes sobre h\u00e1bitos de vida saludables y prevenci\u00f3n de enfermedades.<br \/>&#8211; Vacunaci\u00f3n y seguimiento de programas de prevenci\u00f3n.<\/p><p>4. Coordinaci\u00f3n de Cuidados:<br \/>&#8211; Actuar como punto de contacto principal en la gesti\u00f3n del cuidado del paciente.<br \/>&#8211; Coordinaci\u00f3n con otros profesionales de la salud, incluyendo especialistas, enfermeros y terapeutas.<br \/>&#8211; Referencia a especialistas cuando sea necesario.<\/p><p>5. Investigaci\u00f3n y Educaci\u00f3n:<br \/>&#8211; Participaci\u00f3n en investigaciones cl\u00ednicas para el desarrollo de nuevos tratamientos y terapias.<br \/>&#8211; Educaci\u00f3n continua y actualizaci\u00f3n sobre los \u00faltimos avances en medicina interna.<br \/>&#8211; Formaci\u00f3n y supervisi\u00f3n de estudiantes de medicina y residentes.<\/p><p>6. Atenci\u00f3n Hospitalaria y Ambulatoria:<br \/>&#8211; Proveer atenci\u00f3n m\u00e9dica tanto en hospitales como en consultorios.<br \/>&#8211; Gesti\u00f3n de pacientes hospitalizados con enfermedades complejas.<br \/>&#8211; Seguimiento de pacientes post-hospitalizaci\u00f3n para asegurar una recuperaci\u00f3n adecuada.<\/p><p><a href=\"https:\/\/encrypted-tbn0.gstatic.com\/images?q=tbn:ANd9GcTy4U8iXS9qtP6siJjkN-0EicPxkoD6NfoIpLOzG-kvs5JwdW-WJShsB5JS61HHY4Dxmr0&amp;usqp=CAU\"><img loading=\"lazy\" decoding=\"async\" class=\"aligncenter size-medium\" src=\"https:\/\/encrypted-tbn0.gstatic.com\/images?q=tbn:ANd9GcTy4U8iXS9qtP6siJjkN-0EicPxkoD6NfoIpLOzG-kvs5JwdW-WJShsB5JS61HHY4Dxmr0&amp;usqp=CAU\" width=\"275\" height=\"183\" \/><\/a><\/p><h3>Habilidades y Competencias del M\u00e9dico Internista<\/h3><p>1. Conocimiento M\u00e9dico Extenso:<br \/>&#8211; Amplio conocimiento de la fisiolog\u00eda y patolog\u00eda humana.<br \/>&#8211; Capacidad para manejar una variedad de condiciones m\u00e9dicas complejas.<\/p><p>2. Habilidades de Comunicaci\u00f3n:<br \/>&#8211; Comunicaci\u00f3n clara y efectiva con pacientes y familiares.<br \/>&#8211; Habilidades para explicar diagn\u00f3sticos y planes de tratamiento de manera comprensible.<\/p><p>3. Toma de Decisiones:<br \/>&#8211; Habilidad para tomar decisiones cl\u00ednicas r\u00e1pidas y precisas.<br \/>&#8211; Capacidad para evaluar riesgos y beneficios de diferentes opciones de tratamiento.<\/p><p>4. Empat\u00eda y Compasi\u00f3n:<br \/>&#8211; Capacidad para mostrar empat\u00eda y apoyo emocional a los pacientes.<br \/>&#8211; Fomentar una relaci\u00f3n de confianza y respeto con los pacientes.<\/p><p><a href=\"https:\/\/www.clinicasanfrancisco.com.co\/wp-content\/uploads\/2020\/04\/Medicina-interna.jpg\"><img loading=\"lazy\" decoding=\"async\" class=\"aligncenter size-medium\" src=\"https:\/\/www.clinicasanfrancisco.com.co\/wp-content\/uploads\/2020\/04\/Medicina-interna.jpg\" width=\"1000\" height=\"800\" \/><\/a><\/p><h3>Conclusi\u00f3n<\/h3><p>El m\u00e9dico internista juega un papel crucial en la atenci\u00f3n de la salud de los adultos, ofreciendo un enfoque integral para el manejo de diversas condiciones m\u00e9dicas. Su formaci\u00f3n especializada y su capacidad para coordinar cuidados hacen de \u00e9l un componente esencial del sistema de salud.<\/p>\t\t\t\t\t\t\t\t<\/div>\n\t\t\t\t<\/div>\n\t\t\t\t<\/div>\n\t\t\t\t<\/div>\n\t\t\t\t\t<\/div>\n\t\t\t\t<\/div>\n\t\t\t\t<\/div>\n\t\t","protected":false},"excerpt":{"rendered":"<p>\u00bfNecesitas m\u00e1s informaci\u00f3n? whatsapp 4135 2738 E mail clinicas@elresidente.info \u00bfQu\u00e9 es un M\u00e9dico Internista? Un m\u00e9dico internista es un profesional de la salud especializado en el diagn\u00f3stico, tratamiento y prevenci\u00f3n de enfermedades en adultos. Se enfoca en la medicina interna, una rama que aborda una amplia gama de condiciones m\u00e9dicas complejas que afectan los \u00f3rganos [&hellip;]<\/p>\n","protected":false},"author":1,"featured_media":1014,"parent":0,"menu_order":0,"comment_status":"closed","ping_status":"closed","template":"","meta":{"site-sidebar-layout":"no-sidebar","site-content-layout":"page-builder","ast-site-content-layout":"full-width-container","site-content-style":"default","site-sidebar-style":"default","ast-global-header-display":"","ast-banner-title-visibility":"","ast-main-header-display":"","ast-hfb-above-header-display":"","ast-hfb-below-header-display":"","ast-hfb-mobile-header-display":"","site-post-title":"disabled","ast-breadcrumbs-content":"","ast-featured-img":"disabled","footer-sml-layout":"","ast-disable-related-posts":"","theme-transparent-header-meta":"","adv-header-id-meta":"","stick-header-meta":"","header-above-stick-meta":"","header-main-stick-meta":"","header-below-stick-meta":"","astra-migrate-meta-layouts":"set","ast-page-background-enabled":"default","ast-page-background-meta":{"desktop":{"background-color":"","background-image":"","background-repeat":"repeat","background-position":"center center","background-size":"auto","background-attachment":"scroll","background-type":"","background-media":"","overlay-type":"","overlay-color":"","overlay-opacity":"","overlay-gradient":""},"tablet":{"background-color":"","background-image":"","background-repeat":"repeat","background-position":"center center","background-size":"auto","background-attachment":"scroll","background-type":"","background-media":"","overlay-type":"","overlay-color":"","overlay-opacity":"","overlay-gradient":""},"mobile":{"background-color":"","background-image":"","background-repeat":"repeat","background-position":"center center","background-size":"auto","background-attachment":"scroll","background-type":"","background-media":"","overlay-type":"","overlay-color":"","overlay-opacity":"","overlay-gradient":""}},"ast-content-background-meta":{"desktop":{"background-color":"var(--ast-global-color-5)","background-image":"","background-repeat":"repeat","background-position":"center center","background-size":"auto","background-attachment":"scroll","background-type":"","background-media":"","overlay-type":"","overlay-color":"","overlay-opacity":"","overlay-gradient":""},"tablet":{"background-color":"var(--ast-global-color-5)","background-image":"","background-repeat":"repeat","background-position":"center center","background-size":"auto","background-attachment":"scroll","background-type":"","background-media":"","overlay-type":"","overlay-color":"","overlay-opacity":"","overlay-gradient":""},"mobile":{"background-color":"var(--ast-global-color-5)","background-image":"","background-repeat":"repeat","background-position":"center center","background-size":"auto","background-attachment":"scroll","background-type":"","background-media":"","overlay-type":"","overlay-color":"","overlay-opacity":"","overlay-gradient":""}},"footnotes":""},"class_list":["post-1046","page","type-page","status-publish","has-post-thumbnail","hentry"],"jetpack_sharing_enabled":true,"_links":{"self":[{"href":"https:\/\/elresidente.info\/clinicas\/wp-json\/wp\/v2\/pages\/1046","targetHints":{"allow":["GET"]}}],"collection":[{"href":"https:\/\/elresidente.info\/clinicas\/wp-json\/wp\/v2\/pages"}],"about":[{"href":"https:\/\/elresidente.info\/clinicas\/wp-json\/wp\/v2\/types\/page"}],"author":[{"embeddable":true,"href":"https:\/\/elresidente.info\/clinicas\/wp-json\/wp\/v2\/users\/1"}],"replies":[{"embeddable":true,"href":"https:\/\/elresidente.info\/clinicas\/wp-json\/wp\/v2\/comments?post=1046"}],"version-history":[{"count":13,"href":"https:\/\/elresidente.info\/clinicas\/wp-json\/wp\/v2\/pages\/1046\/revisions"}],"predecessor-version":[{"id":1124,"href":"https:\/\/elresidente.info\/clinicas\/wp-json\/wp\/v2\/pages\/1046\/revisions\/1124"}],"wp:featuredmedia":[{"embeddable":true,"href":"https:\/\/elresidente.info\/clinicas\/wp-json\/wp\/v2\/media\/1014"}],"wp:attachment":[{"href":"https:\/\/elresidente.info\/clinicas\/wp-json\/wp\/v2\/media?parent=1046"}],"curies":[{"name":"wp","href":"https:\/\/api.w.org\/{rel}","templated":true}]}}